{"id":562,"date":"2019-07-02T19:05:05","date_gmt":"2019-07-02T19:05:05","guid":{"rendered":"http:\/\/www.garter.cz\/wp-content\/uploads\/2019\/07\/samonosne-pergoly.jpg"},"modified":"2019-07-02T19:05:05","modified_gmt":"2019-07-02T19:05:05","slug":"samonosne-pergoly-2","status":"inherit","type":"attachment","link":"https:\/\/www.garter.cz\/index.php\/homepage\/samonosne-pergoly-2\/","title":{"rendered":"samonosne-pergoly"},"author":1,"comment_status":"closed","ping_status":"closed","template":"","meta":[],"yoast_head":"<!-- This site is optimized with the Yoast SEO plugin v19.12 - https:\/\/yoast.com\/wordpress\/plugins\/seo\/ -->\n<title>samonosne-pergoly | GARTER<\/title>\n<meta name=\"robots\" content=\"index, follow, max-snippet:-1, max-image-preview:large, max-video-preview:-1\" \/>\n<link rel=\"canonical\" href=\"https:\/\/www.garter.cz\/wp-content\/uploads\/2019\/07\/samonosne-pergoly.jpg\" \/>\n<meta property=\"og:locale\" content=\"cs_CZ\" \/>\n<meta property=\"og:type\" content=\"article\" \/>\n<meta property=\"og:title\" content=\"samonosne-pergoly | GARTER\" \/>\n<meta property=\"og:url\" content=\"https:\/\/www.garter.cz\/wp-content\/uploads\/2019\/07\/samonosne-pergoly.jpg\" \/>\n<meta property=\"og:site_name\" content=\"GARTER\" \/>\n<meta property=\"article:publisher\" content=\"https:\/\/www.facebook.com\/Garter-180263639189596\/\" \/>\n<meta property=\"og:image\" content=\"https:\/\/www.garter.cz\/wp-content\/uploads\/2019\/07\/samonosne-pergoly.jpg\" \/>\n\t<meta property=\"og:image:width\" content=\"400\" \/>\n\t<meta property=\"og:image:height\" content=\"250\" \/>\n\t<meta property=\"og:image:type\" content=\"image\/jpeg\" \/>\n<meta name=\"twitter:card\" content=\"summary_large_image\" \/>\n<script type=\"application\/ld+json\" class=\"yoast-schema-graph\">{\"@context\":\"https:\/\/schema.org\",\"@graph\":[{\"@type\":\"WebPage\",\"@id\":\"https:\/\/www.garter.cz\/wp-content\/uploads\/2019\/07\/samonosne-pergoly.jpg\",\"url\":\"https:\/\/www.garter.cz\/wp-content\/uploads\/2019\/07\/samonosne-pergoly.jpg\",\"name\":\"samonosne-pergoly | GARTER\",\"isPartOf\":{\"@id\":\"https:\/\/www.garter.cz\/#website\"},\"datePublished\":\"2019-07-02T19:05:05+00:00\",\"dateModified\":\"2019-07-02T19:05:05+00:00\",\"breadcrumb\":{\"@id\":\"https:\/\/www.garter.cz\/wp-content\/uploads\/2019\/07\/samonosne-pergoly.jpg#breadcrumb\"},\"inLanguage\":\"cs\",\"potentialAction\":[{\"@type\":\"ReadAction\",\"target\":[\"https:\/\/www.garter.cz\/wp-content\/uploads\/2019\/07\/samonosne-pergoly.jpg\"]}]},{\"@type\":\"BreadcrumbList\",\"@id\":\"https:\/\/www.garter.cz\/wp-content\/uploads\/2019\/07\/samonosne-pergoly.jpg#breadcrumb\",\"itemListElement\":[{\"@type\":\"ListItem\",\"position\":1,\"name\":\"Dom\u016f\",\"item\":\"https:\/\/www.garter.cz\/\"},{\"@type\":\"ListItem\",\"position\":2,\"name\":\"Homepage\",\"item\":\"https:\/\/www.garter.cz\/\"},{\"@type\":\"ListItem\",\"position\":3,\"name\":\"samonosne-pergoly\"}]},{\"@type\":\"WebSite\",\"@id\":\"https:\/\/www.garter.cz\/#website\",\"url\":\"https:\/\/www.garter.cz\/\",\"name\":\"GARTER\",\"description\":\"Profesion\u00e1ln\u00ed st\u00edn\u00edc\u00ed technika\",\"publisher\":{\"@id\":\"https:\/\/www.garter.cz\/#organization\"},\"potentialAction\":[{\"@type\":\"SearchAction\",\"target\":{\"@type\":\"EntryPoint\",\"urlTemplate\":\"https:\/\/www.garter.cz\/?s={search_term_string}\"},\"query-input\":\"required name=search_term_string\"}],\"inLanguage\":\"cs\"},{\"@type\":\"Organization\",\"@id\":\"https:\/\/www.garter.cz\/#organization\",\"name\":\"GARTER\",\"url\":\"https:\/\/www.garter.cz\/\",\"logo\":{\"@type\":\"ImageObject\",\"inLanguage\":\"cs\",\"@id\":\"https:\/\/www.garter.cz\/#\/schema\/logo\/image\/\",\"url\":\"https:\/\/www.garter.cz\/wp-content\/uploads\/2017\/10\/logo-pr\u016fhledn\u00e9-e1508868751734.png\",\"contentUrl\":\"https:\/\/www.garter.cz\/wp-content\/uploads\/2017\/10\/logo-pr\u016fhledn\u00e9-e1508868751734.png\",\"width\":50,\"height\":50,\"caption\":\"GARTER\"},\"image\":{\"@id\":\"https:\/\/www.garter.cz\/#\/schema\/logo\/image\/\"},\"sameAs\":[\"https:\/\/www.facebook.com\/Garter-180263639189596\/\"]}]}<\/script>\n<!-- \/ Yoast SEO plugin. -->","yoast_head_json":{"title":"samonosne-pergoly | GARTER","robots":{"index":"index","follow":"follow","max-snippet":"max-snippet:-1","max-image-preview":"max-image-preview:large","max-video-preview":"max-video-preview:-1"},"canonical":"https:\/\/www.garter.cz\/wp-content\/uploads\/2019\/07\/samonosne-pergoly.jpg","og_locale":"cs_CZ","og_type":"article","og_title":"samonosne-pergoly | GARTER","og_url":"https:\/\/www.garter.cz\/wp-content\/uploads\/2019\/07\/samonosne-pergoly.jpg","og_site_name":"GARTER","article_publisher":"https:\/\/www.facebook.com\/Garter-180263639189596\/","og_image":[{"width":400,"height":250,"url":"https:\/\/www.garter.cz\/wp-content\/uploads\/2019\/07\/samonosne-pergoly.jpg","type":"image\/jpeg"}],"twitter_card":"summary_large_image","schema":{"@context":"https:\/\/schema.org","@graph":[{"@type":"WebPage","@id":"https:\/\/www.garter.cz\/wp-content\/uploads\/2019\/07\/samonosne-pergoly.jpg","url":"https:\/\/www.garter.cz\/wp-content\/uploads\/2019\/07\/samonosne-pergoly.jpg","name":"samonosne-pergoly | GARTER","isPartOf":{"@id":"https:\/\/www.garter.cz\/#website"},"datePublished":"2019-07-02T19:05:05+00:00","dateModified":"2019-07-02T19:05:05+00:00","breadcrumb":{"@id":"https:\/\/www.garter.cz\/wp-content\/uploads\/2019\/07\/samonosne-pergoly.jpg#breadcrumb"},"inLanguage":"cs","potentialAction":[{"@type":"ReadAction","target":["https:\/\/www.garter.cz\/wp-content\/uploads\/2019\/07\/samonosne-pergoly.jpg"]}]},{"@type":"BreadcrumbList","@id":"https:\/\/www.garter.cz\/wp-content\/uploads\/2019\/07\/samonosne-pergoly.jpg#breadcrumb","itemListElement":[{"@type":"ListItem","position":1,"name":"Dom\u016f","item":"https:\/\/www.garter.cz\/"},{"@type":"ListItem","position":2,"name":"Homepage","item":"https:\/\/www.garter.cz\/"},{"@type":"ListItem","position":3,"name":"samonosne-pergoly"}]},{"@type":"WebSite","@id":"https:\/\/www.garter.cz\/#website","url":"https:\/\/www.garter.cz\/","name":"GARTER","description":"Profesion\u00e1ln\u00ed st\u00edn\u00edc\u00ed technika","publisher":{"@id":"https:\/\/www.garter.cz\/#organization"},"potentialAction":[{"@type":"SearchAction","target":{"@type":"EntryPoint","urlTemplate":"https:\/\/www.garter.cz\/?s={search_term_string}"},"query-input":"required name=search_term_string"}],"inLanguage":"cs"},{"@type":"Organization","@id":"https:\/\/www.garter.cz\/#organization","name":"GARTER","url":"https:\/\/www.garter.cz\/","logo":{"@type":"ImageObject","inLanguage":"cs","@id":"https:\/\/www.garter.cz\/#\/schema\/logo\/image\/","url":"https:\/\/www.garter.cz\/wp-content\/uploads\/2017\/10\/logo-pr\u016fhledn\u00e9-e1508868751734.png","contentUrl":"https:\/\/www.garter.cz\/wp-content\/uploads\/2017\/10\/logo-pr\u016fhledn\u00e9-e1508868751734.png","width":50,"height":50,"caption":"GARTER"},"image":{"@id":"https:\/\/www.garter.cz\/#\/schema\/logo\/image\/"},"sameAs":["https:\/\/www.facebook.com\/Garter-180263639189596\/"]}]}},"description":{"rendered":"<p class=\"attachment\"><a href='https:\/\/www.garter.cz\/wp-content\/uploads\/2019\/07\/samonosne-pergoly.jpg'><img fetchpriority=\"high\" width=\"300\" height=\"188\" src=\"https:\/\/www.garter.cz\/wp-content\/uploads\/2019\/07\/samonosne-pergoly-300x188.jpg\" class=\"attachment-medium size-medium\" alt=\"\" decoding=\"async\" srcset=\"https:\/\/www.garter.cz\/wp-content\/uploads\/2019\/07\/samonosne-pergoly-300x188.jpg 300w, https:\/\/www.garter.cz\/wp-content\/uploads\/2019\/07\/samonosne-pergoly-24x15.jpg 24w, https:\/\/www.garter.cz\/wp-content\/uploads\/2019\/07\/samonosne-pergoly-36x23.jpg 36w, https:\/\/www.garter.cz\/wp-content\/uploads\/2019\/07\/samonosne-pergoly-48x30.jpg 48w, https:\/\/www.garter.cz\/wp-content\/uploads\/2019\/07\/samonosne-pergoly.jpg 400w\" sizes=\"(max-width: 300px) 100vw, 300px\" \/><\/a><\/p>\n"},"caption":{"rendered":""},"alt_text":"","media_type":"image","mime_type":"image\/jpeg","media_details":{"width":400,"height":250,"file":"2019\/07\/samonosne-pergoly.jpg","sizes":{"thumbnail":{"file":"samonosne-pergoly-150x150.jpg","width":150,"height":150,"mime_type":"image\/jpeg","source_url":"https:\/\/www.garter.cz\/wp-content\/uploads\/2019\/07\/samonosne-pergoly-150x150.jpg"},"medium":{"file":"samonosne-pergoly-300x188.jpg","width":300,"height":188,"mime_type":"image\/jpeg","source_url":"https:\/\/www.garter.cz\/wp-content\/uploads\/2019\/07\/samonosne-pergoly-300x188.jpg"},"post-thumbnail":{"file":"samonosne-pergoly-300x250.jpg","width":300,"height":250,"mime_type":"image\/jpeg","source_url":"https:\/\/www.garter.cz\/wp-content\/uploads\/2019\/07\/samonosne-pergoly-300x250.jpg"},"futurio-thumbnail":{"file":"samonosne-pergoly-160x120.jpg","width":160,"height":120,"mime_type":"image\/jpeg","source_url":"https:\/\/www.garter.cz\/wp-content\/uploads\/2019\/07\/samonosne-pergoly-160x120.jpg"},"menu-24x24":{"file":"samonosne-pergoly-24x15.jpg","width":24,"height":15,"mime_type":"image\/jpeg","source_url":"https:\/\/www.garter.cz\/wp-content\/uploads\/2019\/07\/samonosne-pergoly-24x15.jpg"},"menu-36x36":{"file":"samonosne-pergoly-36x23.jpg","width":36,"height":23,"mime_type":"image\/jpeg","source_url":"https:\/\/www.garter.cz\/wp-content\/uploads\/2019\/07\/samonosne-pergoly-36x23.jpg"},"menu-48x48":{"file":"samonosne-pergoly-48x30.jpg","width":48,"height":30,"mime_type":"image\/jpeg","source_url":"https:\/\/www.garter.cz\/wp-content\/uploads\/2019\/07\/samonosne-pergoly-48x30.jpg"},"woocommerce_thumbnail":{"file":"samonosne-pergoly-300x250.jpg","width":300,"height":250,"uncropped":false,"mime_type":"image\/jpeg","source_url":"https:\/\/www.garter.cz\/wp-content\/uploads\/2019\/07\/samonosne-pergoly-300x250.jpg"},"woocommerce_gallery_thumbnail":{"file":"samonosne-pergoly-100x100.jpg","width":100,"height":100,"mime_type":"image\/jpeg","source_url":"https:\/\/www.garter.cz\/wp-content\/uploads\/2019\/07\/samonosne-pergoly-100x100.jpg"},"shop_catalog":{"file":"samonosne-pergoly-300x250.jpg","width":300,"height":250,"mime_type":"image\/jpeg","source_url":"https:\/\/www.garter.cz\/wp-content\/uploads\/2019\/07\/samonosne-pergoly-300x250.jpg"},"shop_thumbnail":{"file":"samonosne-pergoly-100x100.jpg","width":100,"height":100,"mime_type":"image\/jpeg","source_url":"https:\/\/www.garter.cz\/wp-content\/uploads\/2019\/07\/samonosne-pergoly-100x100.jpg"},"sow-carousel-default":{"file":"samonosne-pergoly-272x182.jpg","width":272,"height":182,"mime_type":"image\/jpeg","source_url":"https:\/\/www.garter.cz\/wp-content\/uploads\/2019\/07\/samonosne-pergoly-272x182.jpg"},"full":{"file":"samonosne-pergoly.jpg","width":400,"height":250,"mime_type":"image\/jpeg","source_url":"https:\/\/www.garter.cz\/wp-content\/uploads\/2019\/07\/samonosne-pergoly.jpg"}},"image_meta":{"aperture":"0","credit":"","camera":"","caption":"","created_timestamp":"0","copyright":"","focal_length":"0","iso":"0","shutter_speed":"0","title":"","orientation":"1","keywords":[]}},"post":541,"source_url":"https:\/\/www.garter.cz\/wp-content\/uploads\/2019\/07\/samonosne-pergoly.jpg","_links":{"self":[{"href":"https:\/\/www.garter.cz\/index.php\/wp-json\/wp\/v2\/media\/562"}],"collection":[{"href":"https:\/\/www.garter.cz\/index.php\/wp-json\/wp\/v2\/media"}],"about":[{"href":"https:\/\/www.garter.cz\/index.php\/wp-json\/wp\/v2\/types\/attachment"}],"author":[{"embeddable":true,"href":"https:\/\/www.garter.cz\/index.php\/wp-json\/wp\/v2\/users\/1"}]}}

<!-- This site is optimized with the Yoast SEO plugin v19.12 - https://yoast.com/wordpress/plugins/seo/ -->
<title>samonosne-pergoly | GARTER</title>
<meta name="robots" content="index, follow, max-snippet:-1, max-image-preview:large, max-video-preview:-1" />
<link rel="canonical" href="https://www.garter.cz/wp-content/uploads/2019/07/samonosne-pergoly.jpg" />
<meta property="og:locale" content="cs_CZ" />
<meta property="og:type" content="article" />
<meta property="og:title" content="samonosne-pergoly | GARTER" />
<meta property="og:url" content="https://www.garter.cz/wp-content/uploads/2019/07/samonosne-pergoly.jpg" />
<meta property="og:site_name" content="GARTER" />
<meta property="article:publisher" content="https://www.facebook.com/Garter-180263639189596/" />
<meta property="og:image" content="https://www.garter.cz/wp-content/uploads/2019/07/samonosne-pergoly.jpg" />
	<meta property="og:image:width" content="400" />
	<meta property="og:image:height" content="250" />
	<meta property="og:image:type" content="image/jpeg" />
<meta name="twitter:card" content="summary_large_image" />
<script type="application/ld+json" class="yoast-schema-graph">{"@context":"https://schema.org","@graph":[{"@type":"WebPage","@id":"https://www.garter.cz/wp-content/uploads/2019/07/samonosne-pergoly.jpg","url":"https://www.garter.cz/wp-content/uploads/2019/07/samonosne-pergoly.jpg","name":"samonosne-pergoly | GARTER","isPartOf":{"@id":"https://www.garter.cz/#website"},"datePublished":"2019-07-02T19:05:05+00:00","dateModified":"2019-07-02T19:05:05+00:00","breadcrumb":{"@id":"https://www.garter.cz/wp-content/uploads/2019/07/samonosne-pergoly.jpg#breadcrumb"},"inLanguage":"cs","potentialAction":[{"@type":"ReadAction","target":["https://www.garter.cz/wp-content/uploads/2019/07/samonosne-pergoly.jpg"]}]},{"@type":"BreadcrumbList","@id":"https://www.garter.cz/wp-content/uploads/2019/07/samonosne-pergoly.jpg#breadcrumb","itemListElement":[{"@type":"ListItem","position":1,"name":"Domů","item":"https://www.garter.cz/"},{"@type":"ListItem","position":2,"name":"Homepage","item":"https://www.garter.cz/"},{"@type":"ListItem","position":3,"name":"samonosne-pergoly"}]},{"@type":"WebSite","@id":"https://www.garter.cz/#website","url":"https://www.garter.cz/","name":"GARTER","description":"Profesionální stínící technika","publisher":{"@id":"https://www.garter.cz/#organization"},"potentialAction":[{"@type":"SearchAction","target":{"@type":"EntryPoint","urlTemplate":"https://www.garter.cz/?s={search_term_string}"},"query-input":"required name=search_term_string"}],"inLanguage":"cs"},{"@type":"Organization","@id":"https://www.garter.cz/#organization","name":"GARTER","url":"https://www.garter.cz/","logo":{"@type":"ImageObject","inLanguage":"cs","@id":"https://www.garter.cz/#/schema/logo/image/","url":"https://www.garter.cz/wp-content/uploads/2017/10/logo-průhledné-e1508868751734.png","contentUrl":"https://www.garter.cz/wp-content/uploads/2017/10/logo-průhledné-e1508868751734.png","width":50,"height":50,"caption":"GARTER"},"image":{"@id":"https://www.garter.cz/#/schema/logo/image/"},"sameAs":["https://www.facebook.com/Garter-180263639189596/"]}]}</script>
<!-- / Yoast SEO plugin. -->

Domů

Profesionální stínící technika

https://www.garter.cz/wp-content/uploads/2017/10/logo-průhledné-e1508868751734.png
