{"id":152,"date":"2017-10-21T13:49:07","date_gmt":"2017-10-21T13:49:07","guid":{"rendered":"http:\/\/www.garter.cz\/?page_id=152"},"modified":"2017-10-21T15:09:15","modified_gmt":"2017-10-21T15:09:15","slug":"volna-mista","status":"publish","type":"page","link":"https:\/\/www.garter.cz\/index.php\/volna-mista\/","title":{"rendered":"Kari\u00e9ra"},"content":{"rendered":"<p>V\u00e1\u017een\u00e9 kolegyn\u011b, v\u00e1\u017een\u00ed kolegov\u00e9,<br \/>\npokud se zrovna rozhodujete st\u00e1t se sou\u010d\u00e1st\u00ed t\u00fdmu GARTER, pak n\u00e1m dovolte, abychom V\u00e1m poskytli stru\u010dn\u00e9 informace o na\u0161\u00ed spole\u010dnosti a t\u00edm V\u00e1m usnadnili Va\u0161e rozhodov\u00e1n\u00ed.<\/p>\n<p>GARTER je v\u00fdznamn\u00e1 spole\u010dnost s dlouholetou tradic\u00ed zab\u00fdvaj\u00edc\u00ed se v\u00fdvojem a v\u00fdrobou <strong>st\u00edn\u00edc\u00ed techniky <\/strong>a <strong>v\u00fdpln\u00ed stavebn\u00edch otvor\u016f (oken a dve\u0159\u00ed)<\/strong>. Krom\u011b t\u00e9to z\u00e1kladn\u00ed oblasti podnik\u00e1n\u00ed zaji\u0161\u0165ujeme tak\u00e9 mont\u00e1\u017e, z\u00e1ru\u010dn\u00ed a poz\u00e1ru\u010dn\u00ed servis koncov\u00fdm z\u00e1kazn\u00edk\u016fm.<\/p>\n<p>V\u00edme, \u017ee n\u00e1stup do nov\u00e9ho zam\u011bstn\u00e1n\u00ed je pro v\u011bt\u0161inu lid\u00ed d\u016fle\u017eitou zm\u011bnou, kter\u00e1 se prom\u00edt\u00e1 i do osobn\u00edho \u017eivota. Zejm\u00e9na prvn\u00ed dny zam\u011bstnanec pozn\u00e1v\u00e1 spoustu nov\u00fdch v\u011bc\u00ed (pracovi\u0161t\u011b, spolupracovn\u00edky, firemn\u00ed kulturu aj.) a dost\u00e1v\u00e1 mnoho nov\u00fdch informac\u00ed. V\u011b\u0159\u00edme, \u017ee s na\u0161\u00ed pomoc\u00ed toto obdob\u00ed zvl\u00e1dnete v co mo\u017en\u00e1 nejkrat\u0161\u00edm \u010dase a stanete se brzy platn\u00fdm \u010dlenem na\u0161eho t\u00fdmu.<\/p>\n<p>AKTU\u00c1LN\u011a HLED\u00c1ME:<\/p>\n<ul>\n<li>Obchodn\u00ed z\u00e1stupce pro Olomouck\u00fd kraj, Pardubick\u00fd kraj, Moravskoslezsk\u00fd kraj, Zl\u00ednsk\u00fd kraj<\/li>\n<li>Mont\u00e1\u017en\u00ed d\u011bln\u00edky<\/li>\n<li>Sekret\u00e1\u0159ka (\u0160umperk)<\/li>\n<\/ul>\n<p>V\u00edce informac\u00ed na <a href=\"mailto:kariera@garter.cz\">kariera@garter.cz<\/a><\/p>\n","protected":false},"excerpt":{"rendered":"<p>V\u00e1\u017een\u00e9 kolegyn\u011b, v\u00e1\u017een\u00ed kolegov\u00e9, pokud se zrovna rozhodujete st\u00e1t se sou\u010d\u00e1st\u00ed t\u00fdmu GARTER, pak n\u00e1m dovolte, abychom V\u00e1m poskytli stru\u010dn\u00e9 informace o na\u0161\u00ed spole\u010dnosti a t\u00edm V\u00e1m usnadnili Va\u0161e rozhodov\u00e1n\u00ed. GARTER je v\u00fdznamn\u00e1 spole\u010dnost s dlouholetou tradic\u00ed zab\u00fdvaj\u00edc\u00ed se v\u00fdvojem a v\u00fdrobou st\u00edn\u00edc\u00ed techniky a v\u00fdpln\u00ed stavebn\u00edch otvor\u016f (oken a dve\u0159\u00ed). Krom\u011b t\u00e9to z\u00e1kladn\u00ed oblasti&hellip;<\/p>\n","protected":false},"author":1,"featured_media":0,"parent":0,"menu_order":0,"comment_status":"closed","ping_status":"closed","template":"template_parts\/page-fullwidth_template.php","meta":[],"yoast_head":"<!-- This site is optimized with the Yoast SEO plugin v19.12 - https:\/\/yoast.com\/wordpress\/plugins\/seo\/ -->\n<title>Kari\u00e9ra | GARTER<\/title>\n<meta name=\"robots\" content=\"index, follow, max-snippet:-1, max-image-preview:large, max-video-preview:-1\" \/>\n<link rel=\"canonical\" href=\"https:\/\/www.garter.cz\/index.php\/volna-mista\/\" \/>\n<meta property=\"og:locale\" content=\"cs_CZ\" \/>\n<meta property=\"og:type\" content=\"article\" \/>\n<meta property=\"og:title\" content=\"Kari\u00e9ra | GARTER\" \/>\n<meta property=\"og:description\" content=\"V\u00e1\u017een\u00e9 kolegyn\u011b, v\u00e1\u017een\u00ed kolegov\u00e9, pokud se zrovna rozhodujete st\u00e1t se sou\u010d\u00e1st\u00ed t\u00fdmu GARTER, pak n\u00e1m dovolte, abychom V\u00e1m poskytli stru\u010dn\u00e9 informace o na\u0161\u00ed spole\u010dnosti a t\u00edm V\u00e1m usnadnili Va\u0161e rozhodov\u00e1n\u00ed. GARTER je v\u00fdznamn\u00e1 spole\u010dnost s dlouholetou tradic\u00ed zab\u00fdvaj\u00edc\u00ed se v\u00fdvojem a v\u00fdrobou st\u00edn\u00edc\u00ed techniky a v\u00fdpln\u00ed stavebn\u00edch otvor\u016f (oken a dve\u0159\u00ed). Krom\u011b t\u00e9to z\u00e1kladn\u00ed oblasti&hellip;\" \/>\n<meta property=\"og:url\" content=\"https:\/\/www.garter.cz\/index.php\/volna-mista\/\" \/>\n<meta property=\"og:site_name\" content=\"GARTER\" \/>\n<meta property=\"article:publisher\" content=\"https:\/\/www.facebook.com\/Garter-180263639189596\/\" \/>\n<meta property=\"article:modified_time\" content=\"2017-10-21T15:09:15+00:00\" \/>\n<meta name=\"twitter:card\" content=\"summary_large_image\" \/>\n<meta name=\"twitter:label1\" content=\"Odhadovan\u00e1 doba \u010dten\u00ed\" \/>\n\t<meta name=\"twitter:data1\" content=\"1 minuta\" \/>\n<script type=\"application\/ld+json\" class=\"yoast-schema-graph\">{\"@context\":\"https:\/\/schema.org\",\"@graph\":[{\"@type\":\"WebPage\",\"@id\":\"https:\/\/www.garter.cz\/index.php\/volna-mista\/\",\"url\":\"https:\/\/www.garter.cz\/index.php\/volna-mista\/\",\"name\":\"Kari\u00e9ra | GARTER\",\"isPartOf\":{\"@id\":\"https:\/\/www.garter.cz\/#website\"},\"datePublished\":\"2017-10-21T13:49:07+00:00\",\"dateModified\":\"2017-10-21T15:09:15+00:00\",\"breadcrumb\":{\"@id\":\"https:\/\/www.garter.cz\/index.php\/volna-mista\/#breadcrumb\"},\"inLanguage\":\"cs\",\"potentialAction\":[{\"@type\":\"ReadAction\",\"target\":[\"https:\/\/www.garter.cz\/index.php\/volna-mista\/\"]}]},{\"@type\":\"BreadcrumbList\",\"@id\":\"https:\/\/www.garter.cz\/index.php\/volna-mista\/#breadcrumb\",\"itemListElement\":[{\"@type\":\"ListItem\",\"position\":1,\"name\":\"Dom\u016f\",\"item\":\"https:\/\/www.garter.cz\/\"},{\"@type\":\"ListItem\",\"position\":2,\"name\":\"Kari\u00e9ra\"}]},{\"@type\":\"WebSite\",\"@id\":\"https:\/\/www.garter.cz\/#website\",\"url\":\"https:\/\/www.garter.cz\/\",\"name\":\"GARTER\",\"description\":\"Profesion\u00e1ln\u00ed st\u00edn\u00edc\u00ed technika\",\"publisher\":{\"@id\":\"https:\/\/www.garter.cz\/#organization\"},\"potentialAction\":[{\"@type\":\"SearchAction\",\"target\":{\"@type\":\"EntryPoint\",\"urlTemplate\":\"https:\/\/www.garter.cz\/?s={search_term_string}\"},\"query-input\":\"required name=search_term_string\"}],\"inLanguage\":\"cs\"},{\"@type\":\"Organization\",\"@id\":\"https:\/\/www.garter.cz\/#organization\",\"name\":\"GARTER\",\"url\":\"https:\/\/www.garter.cz\/\",\"logo\":{\"@type\":\"ImageObject\",\"inLanguage\":\"cs\",\"@id\":\"https:\/\/www.garter.cz\/#\/schema\/logo\/image\/\",\"url\":\"https:\/\/www.garter.cz\/wp-content\/uploads\/2017\/10\/logo-pr\u016fhledn\u00e9-e1508868751734.png\",\"contentUrl\":\"https:\/\/www.garter.cz\/wp-content\/uploads\/2017\/10\/logo-pr\u016fhledn\u00e9-e1508868751734.png\",\"width\":50,\"height\":50,\"caption\":\"GARTER\"},\"image\":{\"@id\":\"https:\/\/www.garter.cz\/#\/schema\/logo\/image\/\"},\"sameAs\":[\"https:\/\/www.facebook.com\/Garter-180263639189596\/\"]}]}<\/script>\n<!-- \/ Yoast SEO plugin. -->","yoast_head_json":{"title":"Kari\u00e9ra | GARTER","robots":{"index":"index","follow":"follow","max-snippet":"max-snippet:-1","max-image-preview":"max-image-preview:large","max-video-preview":"max-video-preview:-1"},"canonical":"https:\/\/www.garter.cz\/index.php\/volna-mista\/","og_locale":"cs_CZ","og_type":"article","og_title":"Kari\u00e9ra | GARTER","og_description":"V\u00e1\u017een\u00e9 kolegyn\u011b, v\u00e1\u017een\u00ed kolegov\u00e9, pokud se zrovna rozhodujete st\u00e1t se sou\u010d\u00e1st\u00ed t\u00fdmu GARTER, pak n\u00e1m dovolte, abychom V\u00e1m poskytli stru\u010dn\u00e9 informace o na\u0161\u00ed spole\u010dnosti a t\u00edm V\u00e1m usnadnili Va\u0161e rozhodov\u00e1n\u00ed. GARTER je v\u00fdznamn\u00e1 spole\u010dnost s dlouholetou tradic\u00ed zab\u00fdvaj\u00edc\u00ed se v\u00fdvojem a v\u00fdrobou st\u00edn\u00edc\u00ed techniky a v\u00fdpln\u00ed stavebn\u00edch otvor\u016f (oken a dve\u0159\u00ed). Krom\u011b t\u00e9to z\u00e1kladn\u00ed oblasti&hellip;","og_url":"https:\/\/www.garter.cz\/index.php\/volna-mista\/","og_site_name":"GARTER","article_publisher":"https:\/\/www.facebook.com\/Garter-180263639189596\/","article_modified_time":"2017-10-21T15:09:15+00:00","twitter_card":"summary_large_image","twitter_misc":{"Odhadovan\u00e1 doba \u010dten\u00ed":"1 minuta"},"schema":{"@context":"https:\/\/schema.org","@graph":[{"@type":"WebPage","@id":"https:\/\/www.garter.cz\/index.php\/volna-mista\/","url":"https:\/\/www.garter.cz\/index.php\/volna-mista\/","name":"Kari\u00e9ra | GARTER","isPartOf":{"@id":"https:\/\/www.garter.cz\/#website"},"datePublished":"2017-10-21T13:49:07+00:00","dateModified":"2017-10-21T15:09:15+00:00","breadcrumb":{"@id":"https:\/\/www.garter.cz\/index.php\/volna-mista\/#breadcrumb"},"inLanguage":"cs","potentialAction":[{"@type":"ReadAction","target":["https:\/\/www.garter.cz\/index.php\/volna-mista\/"]}]},{"@type":"BreadcrumbList","@id":"https:\/\/www.garter.cz\/index.php\/volna-mista\/#breadcrumb","itemListElement":[{"@type":"ListItem","position":1,"name":"Dom\u016f","item":"https:\/\/www.garter.cz\/"},{"@type":"ListItem","position":2,"name":"Kari\u00e9ra"}]},{"@type":"WebSite","@id":"https:\/\/www.garter.cz\/#website","url":"https:\/\/www.garter.cz\/","name":"GARTER","description":"Profesion\u00e1ln\u00ed st\u00edn\u00edc\u00ed technika","publisher":{"@id":"https:\/\/www.garter.cz\/#organization"},"potentialAction":[{"@type":"SearchAction","target":{"@type":"EntryPoint","urlTemplate":"https:\/\/www.garter.cz\/?s={search_term_string}"},"query-input":"required name=search_term_string"}],"inLanguage":"cs"},{"@type":"Organization","@id":"https:\/\/www.garter.cz\/#organization","name":"GARTER","url":"https:\/\/www.garter.cz\/","logo":{"@type":"ImageObject","inLanguage":"cs","@id":"https:\/\/www.garter.cz\/#\/schema\/logo\/image\/","url":"https:\/\/www.garter.cz\/wp-content\/uploads\/2017\/10\/logo-pr\u016fhledn\u00e9-e1508868751734.png","contentUrl":"https:\/\/www.garter.cz\/wp-content\/uploads\/2017\/10\/logo-pr\u016fhledn\u00e9-e1508868751734.png","width":50,"height":50,"caption":"GARTER"},"image":{"@id":"https:\/\/www.garter.cz\/#\/schema\/logo\/image\/"},"sameAs":["https:\/\/www.facebook.com\/Garter-180263639189596\/"]}]}},"_links":{"self":[{"href":"https:\/\/www.garter.cz\/index.php\/wp-json\/wp\/v2\/pages\/152"}],"collection":[{"href":"https:\/\/www.garter.cz\/index.php\/wp-json\/wp\/v2\/pages"}],"about":[{"href":"https:\/\/www.garter.cz\/index.php\/wp-json\/wp\/v2\/types\/page"}],"author":[{"embeddable":true,"href":"https:\/\/www.garter.cz\/index.php\/wp-json\/wp\/v2\/users\/1"}],"replies":[{"embeddable":true,"href":"https:\/\/www.garter.cz\/index.php\/wp-json\/wp\/v2\/comments?post=152"}],"version-history":[{"count":10,"href":"https:\/\/www.garter.cz\/index.php\/wp-json\/wp\/v2\/pages\/152\/revisions"}],"predecessor-version":[{"id":199,"href":"https:\/\/www.garter.cz\/index.php\/wp-json\/wp\/v2\/pages\/152\/revisions\/199"}],"wp:attachment":[{"href":"https:\/\/www.garter.cz\/index.php\/wp-json\/wp\/v2\/media?parent=152"}],"curies":[{"name":"wp","href":"https:\/\/api.w.org\/{rel}","templated":true}]}}

Kariéra

<p>Vážené kolegyně, vážení kolegové,<br />
pokud se zrovna rozhodujete stát se součástí týmu GARTER, pak nám dovolte, abychom Vám poskytli stručné informace o naší společnosti a tím Vám usnadnili Vaše rozhodování.</p>
<p>GARTER je významná společnost s dlouholetou tradicí zabývající se vývojem a výrobou <strong>stínící techniky </strong>a <strong>výplní stavebních otvorů (oken a dveří)</strong>. Kromě této základní oblasti podnikání zajišťujeme také montáž, záruční a pozáruční servis koncovým zákazníkům.</p>
<p>Víme, že nástup do nového zaměstnání je pro většinu lidí důležitou změnou, která se promítá i do osobního života. Zejména první dny zaměstnanec poznává spoustu nových věcí (pracoviště, spolupracovníky, firemní kulturu aj.) a dostává mnoho nových informací. Věříme, že s naší pomocí toto období zvládnete v co možná nejkratším čase a stanete se brzy platným členem našeho týmu.</p>
<p>AKTUÁLNĚ HLEDÁME:</p>
<ul>
<li>Obchodní zástupce pro Olomoucký kraj, Pardubický kraj, Moravskoslezský kraj, Zlínský kraj</li>
<li>Montážní dělníky</li>
<li>Sekretářka (Šumperk)</li>
</ul>
<p>Více informací na <a href="mailto:kariera@garter.cz">kariera@garter.cz</a></p>

<p>Vážené kolegyně, vážení kolegové, pokud se zrovna rozhodujete stát se součástí týmu GARTER, pak nám dovolte, abychom Vám poskytli stručné informace o naší společnosti a tím Vám usnadnili Vaše rozhodování. GARTER je významná společnost s dlouholetou tradicí zabývající se vývojem a výrobou stínící techniky a výplní stavebních otvorů (oken a dveří). Kromě této základní oblasti&hellip;</p>

<!-- This site is optimized with the Yoast SEO plugin v19.12 - https://yoast.com/wordpress/plugins/seo/ -->
<title>Kariéra | GARTER</title>
<meta name="robots" content="index, follow, max-snippet:-1, max-image-preview:large, max-video-preview:-1" />
<link rel="canonical" href="https://www.garter.cz/index.php/volna-mista/" />
<meta property="og:locale" content="cs_CZ" />
<meta property="og:type" content="article" />
<meta property="og:title" content="Kariéra | GARTER" />
<meta property="og:description" content="Vážené kolegyně, vážení kolegové, pokud se zrovna rozhodujete stát se součástí týmu GARTER, pak nám dovolte, abychom Vám poskytli stručné informace o naší společnosti a tím Vám usnadnili Vaše rozhodování. GARTER je významná společnost s dlouholetou tradicí zabývající se vývojem a výrobou stínící techniky a výplní stavebních otvorů (oken a dveří). Kromě této základní oblasti&hellip;" />
<meta property="og:url" content="https://www.garter.cz/index.php/volna-mista/" />
<meta property="og:site_name" content="GARTER" />
<meta property="article:publisher" content="https://www.facebook.com/Garter-180263639189596/" />
<meta property="article:modified_time" content="2017-10-21T15:09:15+00:00" />
<meta name="twitter:card" content="summary_large_image" />
<meta name="twitter:label1" content="Odhadovaná doba čtení" />
	<meta name="twitter:data1" content="1 minuta" />
<script type="application/ld+json" class="yoast-schema-graph">{"@context":"https://schema.org","@graph":[{"@type":"WebPage","@id":"https://www.garter.cz/index.php/volna-mista/","url":"https://www.garter.cz/index.php/volna-mista/","name":"Kariéra | GARTER","isPartOf":{"@id":"https://www.garter.cz/#website"},"datePublished":"2017-10-21T13:49:07+00:00","dateModified":"2017-10-21T15:09:15+00:00","breadcrumb":{"@id":"https://www.garter.cz/index.php/volna-mista/#breadcrumb"},"inLanguage":"cs","potentialAction":[{"@type":"ReadAction","target":["https://www.garter.cz/index.php/volna-mista/"]}]},{"@type":"BreadcrumbList","@id":"https://www.garter.cz/index.php/volna-mista/#breadcrumb","itemListElement":[{"@type":"ListItem","position":1,"name":"Domů","item":"https://www.garter.cz/"},{"@type":"ListItem","position":2,"name":"Kariéra"}]},{"@type":"WebSite","@id":"https://www.garter.cz/#website","url":"https://www.garter.cz/","name":"GARTER","description":"Profesionální stínící technika","publisher":{"@id":"https://www.garter.cz/#organization"},"potentialAction":[{"@type":"SearchAction","target":{"@type":"EntryPoint","urlTemplate":"https://www.garter.cz/?s={search_term_string}"},"query-input":"required name=search_term_string"}],"inLanguage":"cs"},{"@type":"Organization","@id":"https://www.garter.cz/#organization","name":"GARTER","url":"https://www.garter.cz/","logo":{"@type":"ImageObject","inLanguage":"cs","@id":"https://www.garter.cz/#/schema/logo/image/","url":"https://www.garter.cz/wp-content/uploads/2017/10/logo-průhledné-e1508868751734.png","contentUrl":"https://www.garter.cz/wp-content/uploads/2017/10/logo-průhledné-e1508868751734.png","width":50,"height":50,"caption":"GARTER"},"image":{"@id":"https://www.garter.cz/#/schema/logo/image/"},"sameAs":["https://www.facebook.com/Garter-180263639189596/"]}]}</script>
<!-- / Yoast SEO plugin. -->

Kariéra | GARTER

Vážené kolegyně, vážení kolegové, pokud se zrovna rozhodujete stát se součástí týmu GARTER, pak nám dovolte, abychom Vám poskytli stručné informace o naší společnosti a tím Vám usnadnili Vaše rozhodování. GARTER je významná společnost s dlouholetou tradicí zabývající se vývojem a výrobou stínící techniky a výplní stavebních otvorů (oken a dveří). Kromě této základní oblasti&hellip;

Domů

Profesionální stínící technika

https://www.garter.cz/wp-content/uploads/2017/10/logo-průhledné-e1508868751734.png
