{"id":25,"date":"2017-10-21T12:03:47","date_gmt":"2017-10-21T12:03:47","guid":{"rendered":"http:\/\/www.garter.cz\/?page_id=25"},"modified":"2019-08-19T16:40:39","modified_gmt":"2019-08-19T16:40:39","slug":"poptavka","status":"publish","type":"page","link":"https:\/\/www.garter.cz\/index.php\/poptavka\/","title":{"rendered":"Popt\u00e1vka"},"content":{"rendered":"<p>Zanechte pros\u00edm Va\u0161e kontaktn\u00ed \u00fadaje, vyberte produkt, o kter\u00fd m\u00e1te p\u0159edb\u011b\u017en\u011b z\u00e1jem, uve\u010fte m\u00edsto, kde stav\u00edte nebo rekonstruujete a p\u0159\u00edpadn\u011b dal\u0161\u00ed dopl\u0148uj\u00edc\u00ed informace (nap\u0159. rozm\u011bry). Ostatn\u00ed si s V\u00e1mi up\u0159esn\u00edme po telefonu.<\/p>\n\n<div class=\"wpcf7 no-js\" id=\"wpcf7-f24-o1\" lang=\"cs-CZ\" dir=\"ltr\">\n<div class=\"screen-reader-response\"><p role=\"status\" aria-live=\"polite\" aria-atomic=\"true\"><\/p> <ul><\/ul><\/div>\n<form action=\"\/index.php\/wp-json\/wp\/v2\/pages\/25#wpcf7-f24-o1\" method=\"post\" class=\"wpcf7-form init\" aria-label=\"Kontaktn\u00ed formul\u00e1\u0159\" enctype=\"multipart\/form-data\" novalidate=\"novalidate\" data-status=\"init\">\n<div style=\"display: none;\">\n<input type=\"hidden\" name=\"_wpcf7\" value=\"24\" \/>\n<input type=\"hidden\" name=\"_wpcf7_version\" value=\"5.7.7\" \/>\n<input type=\"hidden\" name=\"_wpcf7_locale\" value=\"cs_CZ\" \/>\n<input type=\"hidden\" name=\"_wpcf7_unit_tag\" value=\"wpcf7-f24-o1\" \/>\n<input type=\"hidden\" name=\"_wpcf7_container_post\" value=\"0\" \/>\n<input type=\"hidden\" name=\"_wpcf7_posted_data_hash\" value=\"\" \/>\n<\/div>\n<p><label><b> Va\u0161e jm\u00e9no: (vy\u017eadov\u00e1no)<\/b><br \/>\n<span class=\"wpcf7-form-control-wrap\" data-name=\"your-name\"><input size=\"40\" class=\"wpcf7-form-control wpcf7-text wpcf7-validates-as-required\" aria-required=\"true\" aria-invalid=\"false\" value=\"\" type=\"text\" name=\"your-name\" \/><\/span> <\/label>\n<\/p>\n<p><label> <b>V\u00e1\u0161 e-mail: (vy\u017eadov\u00e1no)<\/b><br \/>\n<span class=\"wpcf7-form-control-wrap\" data-name=\"your-email\"><input size=\"40\" class=\"wpcf7-form-control wpcf7-text wpcf7-email wpcf7-validates-as-required wpcf7-validates-as-email\" aria-required=\"true\" aria-invalid=\"false\" value=\"\" type=\"email\" name=\"your-email\" \/><\/span> <\/label>\n<\/p>\n<p><label> <b>V\u00e1\u0161 telefon: (vy\u017eadov\u00e1no)<\/b><br \/>\n<span class=\"wpcf7-form-control-wrap\" data-name=\"tel-57\"><input size=\"40\" class=\"wpcf7-form-control wpcf7-text wpcf7-tel wpcf7-validates-as-required wpcf7-validates-as-tel\" aria-required=\"true\" aria-invalid=\"false\" value=\"+420\" type=\"tel\" name=\"tel-57\" \/><\/span> <\/label>\n<\/p>\n<p><label><b> M\u011bsto:<\/b><br \/>\n<span class=\"wpcf7-form-control-wrap\" data-name=\"text-348\"><input size=\"40\" class=\"wpcf7-form-control wpcf7-text\" aria-invalid=\"false\" value=\"\" type=\"text\" name=\"text-348\" \/><\/span> <\/label>\n<\/p>\n<p><label><b> Produkt: (vy\u017eadov\u00e1no)<\/b><br \/>\n<span class=\"wpcf7-form-control-wrap\" data-name=\"your-subject\"><input size=\"40\" class=\"wpcf7-form-control wpcf7-text wpcf7-validates-as-required\" aria-required=\"true\" aria-invalid=\"false\" value=\"\" type=\"text\" name=\"your-subject\" \/><\/span> <\/label>\n<\/p>\n<p><label><b> Pozn\u00e1mka:<\/b><br \/>\n<span class=\"wpcf7-form-control-wrap\" data-name=\"your-message\"><textarea cols=\"40\" rows=\"10\" class=\"wpcf7-form-control wpcf7-textarea\" aria-invalid=\"false\" name=\"your-message\"><\/textarea><\/span> <\/label><br \/>\n<small>Nechcete vypl\u0148ovat detaily? Sta\u010d\u00ed vyplnit kontaktn\u00ed \u00fadaje a my se v\u00e1m ozveme a svou p\u0159edstavu n\u00e1m pop\u00ed\u0161ete po telefonu.<\/small>\n<\/p>\n<p><label><b>P\u0159idat p\u0159\u00edlohu: (max. 20MB)<\/b> <span class=\"wpcf7-form-control-wrap\" data-name=\"file-744\"><input size=\"40\" class=\"wpcf7-form-control wpcf7-file\" accept=\"audio\/*,video\/*,image\/*\" aria-invalid=\"false\" type=\"file\" name=\"file-744\" \/><\/span><\/label><br \/>\n<small>Jako p\u0159\u00edlohu m\u016f\u017eete vlo\u017eit nap\u0159\u00edklad v\u00fdkres, fotografii, na\u010drt. Pokud m\u00e1te v\u00edce souboru doporu\u010dujeme zaslat v komprimovan\u00e9m form\u00e1tu ZIP.<\/small>\n<\/p>\n<p><span class=\"wpcf7-form-control-wrap\" data-name=\"acceptance-70\"><span class=\"wpcf7-form-control wpcf7-acceptance\"><span class=\"wpcf7-list-item\"><input type=\"checkbox\" name=\"acceptance-70\" value=\"1\" aria-invalid=\"false\" \/><\/span><\/span><\/span> Souhlas\u00edm se zpracov\u00e1n\u00edm uveden\u00fdch \u00fadaj\u016f pro \u00fa\u010dely tvorby cenov\u00e9 nab\u00eddky. <a href=\"http:\/\/www.garter.cz\/index.php\/informacni-memorandum-se-zpracovanim-osobnich-udaju\/\">Dal\u0161\u00ed informace zde.<\/a>\n<\/p>\n<p><input class=\"wpcf7-form-control has-spinner wpcf7-submit\" type=\"submit\" value=\"Odeslat\" \/>\n<\/p><div class=\"wpcf7-response-output\" aria-hidden=\"true\"><\/div>\n<\/form>\n<\/div>\n\n","protected":false},"excerpt":{"rendered":"<p>Zanechte pros\u00edm Va\u0161e kontaktn\u00ed \u00fadaje, vyberte produkt, o kter\u00fd m\u00e1te p\u0159edb\u011b\u017en\u011b z\u00e1jem, uve\u010fte m\u00edsto, kde stav\u00edte nebo rekonstruujete a p\u0159\u00edpadn\u011b dal\u0161\u00ed dopl\u0148uj\u00edc\u00ed informace (nap\u0159. rozm\u011bry). Ostatn\u00ed si s V\u00e1mi up\u0159esn\u00edme po telefonu.<\/p>\n","protected":false},"author":1,"featured_media":0,"parent":0,"menu_order":0,"comment_status":"closed","ping_status":"closed","template":"","meta":[],"yoast_head":"<!-- This site is optimized with the Yoast SEO plugin v19.12 - https:\/\/yoast.com\/wordpress\/plugins\/seo\/ -->\n<title>Cenov\u00e1 nab\u00eddka na p\u0159edokenn\u00ed rolety zdarma!<\/title>\n<meta name=\"description\" content=\"Popt\u00e1vka venkovn\u00ed rolety, \u017ealuzie, mark\u00fdzy. Vysok\u00e1 kvalita. Bezkonkuren\u010dn\u00ed cena.\" \/>\n<meta name=\"robots\" content=\"index, follow, max-snippet:-1, max-image-preview:large, max-video-preview:-1\" \/>\n<link rel=\"canonical\" href=\"https:\/\/www.garter.cz\/index.php\/poptavka\/\" \/>\n<meta property=\"og:locale\" content=\"cs_CZ\" \/>\n<meta property=\"og:type\" content=\"article\" \/>\n<meta property=\"og:title\" content=\"Cenov\u00e1 nab\u00eddka na p\u0159edokenn\u00ed rolety zdarma!\" \/>\n<meta property=\"og:description\" content=\"Popt\u00e1vka venkovn\u00ed rolety, \u017ealuzie, mark\u00fdzy. Vysok\u00e1 kvalita. Bezkonkuren\u010dn\u00ed cena.\" \/>\n<meta property=\"og:url\" content=\"https:\/\/www.garter.cz\/index.php\/poptavka\/\" \/>\n<meta property=\"og:site_name\" content=\"GARTER\" \/>\n<meta property=\"article:publisher\" content=\"https:\/\/www.facebook.com\/Garter-180263639189596\/\" \/>\n<meta property=\"article:modified_time\" content=\"2019-08-19T16:40:39+00:00\" \/>\n<meta name=\"twitter:card\" content=\"summary_large_image\" \/>\n<script type=\"application\/ld+json\" class=\"yoast-schema-graph\">{\"@context\":\"https:\/\/schema.org\",\"@graph\":[{\"@type\":\"WebPage\",\"@id\":\"https:\/\/www.garter.cz\/index.php\/poptavka\/\",\"url\":\"https:\/\/www.garter.cz\/index.php\/poptavka\/\",\"name\":\"Cenov\u00e1 nab\u00eddka na p\u0159edokenn\u00ed rolety zdarma!\",\"isPartOf\":{\"@id\":\"https:\/\/www.garter.cz\/#website\"},\"datePublished\":\"2017-10-21T12:03:47+00:00\",\"dateModified\":\"2019-08-19T16:40:39+00:00\",\"description\":\"Popt\u00e1vka venkovn\u00ed rolety, \u017ealuzie, mark\u00fdzy. Vysok\u00e1 kvalita. Bezkonkuren\u010dn\u00ed cena.\",\"breadcrumb\":{\"@id\":\"https:\/\/www.garter.cz\/index.php\/poptavka\/#breadcrumb\"},\"inLanguage\":\"cs\",\"potentialAction\":[{\"@type\":\"ReadAction\",\"target\":[\"https:\/\/www.garter.cz\/index.php\/poptavka\/\"]}]},{\"@type\":\"BreadcrumbList\",\"@id\":\"https:\/\/www.garter.cz\/index.php\/poptavka\/#breadcrumb\",\"itemListElement\":[{\"@type\":\"ListItem\",\"position\":1,\"name\":\"Dom\u016f\",\"item\":\"https:\/\/www.garter.cz\/\"},{\"@type\":\"ListItem\",\"position\":2,\"name\":\"Popt\u00e1vka\"}]},{\"@type\":\"WebSite\",\"@id\":\"https:\/\/www.garter.cz\/#website\",\"url\":\"https:\/\/www.garter.cz\/\",\"name\":\"GARTER\",\"description\":\"Profesion\u00e1ln\u00ed st\u00edn\u00edc\u00ed technika\",\"publisher\":{\"@id\":\"https:\/\/www.garter.cz\/#organization\"},\"potentialAction\":[{\"@type\":\"SearchAction\",\"target\":{\"@type\":\"EntryPoint\",\"urlTemplate\":\"https:\/\/www.garter.cz\/?s={search_term_string}\"},\"query-input\":\"required name=search_term_string\"}],\"inLanguage\":\"cs\"},{\"@type\":\"Organization\",\"@id\":\"https:\/\/www.garter.cz\/#organization\",\"name\":\"GARTER\",\"url\":\"https:\/\/www.garter.cz\/\",\"logo\":{\"@type\":\"ImageObject\",\"inLanguage\":\"cs\",\"@id\":\"https:\/\/www.garter.cz\/#\/schema\/logo\/image\/\",\"url\":\"https:\/\/www.garter.cz\/wp-content\/uploads\/2017\/10\/logo-pr\u016fhledn\u00e9-e1508868751734.png\",\"contentUrl\":\"https:\/\/www.garter.cz\/wp-content\/uploads\/2017\/10\/logo-pr\u016fhledn\u00e9-e1508868751734.png\",\"width\":50,\"height\":50,\"caption\":\"GARTER\"},\"image\":{\"@id\":\"https:\/\/www.garter.cz\/#\/schema\/logo\/image\/\"},\"sameAs\":[\"https:\/\/www.facebook.com\/Garter-180263639189596\/\"]}]}<\/script>\n<!-- \/ Yoast SEO plugin. -->","yoast_head_json":{"title":"Cenov\u00e1 nab\u00eddka na p\u0159edokenn\u00ed rolety zdarma!","description":"Popt\u00e1vka venkovn\u00ed rolety, \u017ealuzie, mark\u00fdzy. Vysok\u00e1 kvalita. Bezkonkuren\u010dn\u00ed cena.","robots":{"index":"index","follow":"follow","max-snippet":"max-snippet:-1","max-image-preview":"max-image-preview:large","max-video-preview":"max-video-preview:-1"},"canonical":"https:\/\/www.garter.cz\/index.php\/poptavka\/","og_locale":"cs_CZ","og_type":"article","og_title":"Cenov\u00e1 nab\u00eddka na p\u0159edokenn\u00ed rolety zdarma!","og_description":"Popt\u00e1vka venkovn\u00ed rolety, \u017ealuzie, mark\u00fdzy. Vysok\u00e1 kvalita. Bezkonkuren\u010dn\u00ed cena.","og_url":"https:\/\/www.garter.cz\/index.php\/poptavka\/","og_site_name":"GARTER","article_publisher":"https:\/\/www.facebook.com\/Garter-180263639189596\/","article_modified_time":"2019-08-19T16:40:39+00:00","twitter_card":"summary_large_image","schema":{"@context":"https:\/\/schema.org","@graph":[{"@type":"WebPage","@id":"https:\/\/www.garter.cz\/index.php\/poptavka\/","url":"https:\/\/www.garter.cz\/index.php\/poptavka\/","name":"Cenov\u00e1 nab\u00eddka na p\u0159edokenn\u00ed rolety zdarma!","isPartOf":{"@id":"https:\/\/www.garter.cz\/#website"},"datePublished":"2017-10-21T12:03:47+00:00","dateModified":"2019-08-19T16:40:39+00:00","description":"Popt\u00e1vka venkovn\u00ed rolety, \u017ealuzie, mark\u00fdzy. Vysok\u00e1 kvalita. Bezkonkuren\u010dn\u00ed cena.","breadcrumb":{"@id":"https:\/\/www.garter.cz\/index.php\/poptavka\/#breadcrumb"},"inLanguage":"cs","potentialAction":[{"@type":"ReadAction","target":["https:\/\/www.garter.cz\/index.php\/poptavka\/"]}]},{"@type":"BreadcrumbList","@id":"https:\/\/www.garter.cz\/index.php\/poptavka\/#breadcrumb","itemListElement":[{"@type":"ListItem","position":1,"name":"Dom\u016f","item":"https:\/\/www.garter.cz\/"},{"@type":"ListItem","position":2,"name":"Popt\u00e1vka"}]},{"@type":"WebSite","@id":"https:\/\/www.garter.cz\/#website","url":"https:\/\/www.garter.cz\/","name":"GARTER","description":"Profesion\u00e1ln\u00ed st\u00edn\u00edc\u00ed technika","publisher":{"@id":"https:\/\/www.garter.cz\/#organization"},"potentialAction":[{"@type":"SearchAction","target":{"@type":"EntryPoint","urlTemplate":"https:\/\/www.garter.cz\/?s={search_term_string}"},"query-input":"required name=search_term_string"}],"inLanguage":"cs"},{"@type":"Organization","@id":"https:\/\/www.garter.cz\/#organization","name":"GARTER","url":"https:\/\/www.garter.cz\/","logo":{"@type":"ImageObject","inLanguage":"cs","@id":"https:\/\/www.garter.cz\/#\/schema\/logo\/image\/","url":"https:\/\/www.garter.cz\/wp-content\/uploads\/2017\/10\/logo-pr\u016fhledn\u00e9-e1508868751734.png","contentUrl":"https:\/\/www.garter.cz\/wp-content\/uploads\/2017\/10\/logo-pr\u016fhledn\u00e9-e1508868751734.png","width":50,"height":50,"caption":"GARTER"},"image":{"@id":"https:\/\/www.garter.cz\/#\/schema\/logo\/image\/"},"sameAs":["https:\/\/www.facebook.com\/Garter-180263639189596\/"]}]}},"_links":{"self":[{"href":"https:\/\/www.garter.cz\/index.php\/wp-json\/wp\/v2\/pages\/25"}],"collection":[{"href":"https:\/\/www.garter.cz\/index.php\/wp-json\/wp\/v2\/pages"}],"about":[{"href":"https:\/\/www.garter.cz\/index.php\/wp-json\/wp\/v2\/types\/page"}],"author":[{"embeddable":true,"href":"https:\/\/www.garter.cz\/index.php\/wp-json\/wp\/v2\/users\/1"}],"replies":[{"embeddable":true,"href":"https:\/\/www.garter.cz\/index.php\/wp-json\/wp\/v2\/comments?post=25"}],"version-history":[{"count":15,"href":"https:\/\/www.garter.cz\/index.php\/wp-json\/wp\/v2\/pages\/25\/revisions"}],"predecessor-version":[{"id":679,"href":"https:\/\/www.garter.cz\/index.php\/wp-json\/wp\/v2\/pages\/25\/revisions\/679"}],"wp:attachment":[{"href":"https:\/\/www.garter.cz\/index.php\/wp-json\/wp\/v2\/media?parent=25"}],"curies":[{"name":"wp","href":"https:\/\/api.w.org\/{rel}","templated":true}]}}