{"id":363,"date":"2018-04-22T16:21:56","date_gmt":"2018-04-22T16:21:56","guid":{"rendered":"http:\/\/www.garter.cz\/?page_id=363"},"modified":"2018-04-23T14:08:31","modified_gmt":"2018-04-23T14:08:31","slug":"samonosne-pergoly","status":"publish","type":"page","link":"https:\/\/www.garter.cz\/index.php\/samonosne-pergoly\/","title":{"rendered":"Samonosn\u00e9 pergoly"},"content":{"rendered":"<p><img fetchpriority=\"high\" decoding=\"async\" class=\"size-full wp-image-365 aligncenter\" src=\"http:\/\/www.garter.cz\/wp-content\/uploads\/2018\/04\/samonosne-pergoly.jpg\" alt=\"\" width=\"920\" height=\"337\" srcset=\"https:\/\/www.garter.cz\/wp-content\/uploads\/2018\/04\/samonosne-pergoly.jpg 920w, https:\/\/www.garter.cz\/wp-content\/uploads\/2018\/04\/samonosne-pergoly-600x220.jpg 600w, https:\/\/www.garter.cz\/wp-content\/uploads\/2018\/04\/samonosne-pergoly-300x110.jpg 300w, https:\/\/www.garter.cz\/wp-content\/uploads\/2018\/04\/samonosne-pergoly-768x281.jpg 768w\" sizes=\"(max-width: 920px) 100vw, 920px\" \/><\/p>\n<p>St\u0159echa pergoly je tvo\u0159ena hlin\u00edkov\u00fdmi lamelami, kter\u00e9 lze orientovat od 0\u00b0 do 140\u00b0, s t\u011bsn\u011bn\u00edm a bo\u010dn\u00edm odtokem vody. Do pergoly lze integrovat LED bodov\u00e9 osv\u011btlen\u00ed, st\u00ednic\u00ed prvky &#8211; screenovou<br \/>\nroletu \u010di venkovn\u00ed \u017ealuzii a tak\u00e9 anti-snow syst\u00e9m \u2013 syst\u00e9m proti zasn\u011b\u017eov\u00e1n\u00ed lamel.<\/p>\n<p>Krom\u011b dynamick\u00fdch test\u016f spl\u0148uj\u00ed pergoly Mira tak\u00e9 p\u0159\u00edsn\u00e9 n\u00e1roky na statick\u00e9 zkou\u0161ky rovnom\u011brn\u00e9ho zat\u00ed\u017een\u00ed lamel v uzav\u0159en\u00e9 poloze o hmotnosti a\u017e 140 kg\/m2. Pergoly spl\u0148uj\u00ed po\u017eadavky 6. t\u0159\u00eddy odolnosti proti v\u011btru.<\/p>\n<p><strong>P\u0159ednosti a v\u00fdhody<\/strong><br \/>\n<span style=\"font-size: 12pt;\">\u2022 Inovativn\u00ed design,<\/span><br \/>\n<span style=\"font-size: 12pt;\"> \u2022 hlin\u00edkov\u00e9 lamely s orientac\u00ed 0\u00b0 a\u017e 140\u00b0,<\/span><br \/>\n<span style=\"font-size: 12pt;\"> \u2022 bo\u010dn\u00ed odtok vody integrovan\u00fd\u0301 do stojky,<\/span><br \/>\n<span style=\"font-size: 12pt;\"> \u2022 ochrana proti de\u0161ti a sn\u011bhu (max. zat\u00ed\u017een\u00ed 140 kg\/m2),<\/span><br \/>\n<span style=\"font-size: 12pt;\"> \u2022 vysok\u00e1 odolnost proti v\u011btru,<\/span><br \/>\n<span style=\"font-size: 12pt;\"> \u2022 mo\u017enost integrace screenov\u00fdch rolet \u010di venkovn\u00edch \u017ealuzi\u00ed,<\/span><br \/>\n<span style=\"font-size: 12pt;\"> \u2022 mo\u017enost sp\u0159a\u017een\u00ed pergol,<\/span><br \/>\n<span style=\"font-size: 12pt;\"> \u2022 ovl\u00e1d\u00e1n\u00ed d\u00e1lkov\u00fdm ovlada\u010dem.<\/span><\/p>\n<p><strong>Z\u00e1kladn\u00ed rozm\u011bry pro pergoly MIRA<\/strong><br \/>\nd\u00e9lka min. 2000mm, max. 7000mm<br \/>\n\u0161i\u0159ka min. 2000mm, max. 4500mm<br \/>\nv\u00fd\u0161ka max. 3000mm<\/p>\n<p>Garantovan\u00e1 plocha 31.5 metr\u016f \u010dtvere\u010dn\u00edch<\/p>\n<p><strong>Z\u00e1kladn\u00ed barevn\u00e9 proveden\u00ed konstrukce a lamel<\/strong><\/p>\n<p><img decoding=\"async\" class=\"alignnone wp-image-364 size-full\" src=\"http:\/\/www.garter.cz\/wp-content\/uploads\/2018\/04\/barvy.jpg\" alt=\"\" width=\"920\" height=\"91\" srcset=\"https:\/\/www.garter.cz\/wp-content\/uploads\/2018\/04\/barvy.jpg 920w, https:\/\/www.garter.cz\/wp-content\/uploads\/2018\/04\/barvy-600x59.jpg 600w, https:\/\/www.garter.cz\/wp-content\/uploads\/2018\/04\/barvy-300x30.jpg 300w, https:\/\/www.garter.cz\/wp-content\/uploads\/2018\/04\/barvy-768x76.jpg 768w\" sizes=\"(max-width: 920px) 100vw, 920px\" \/><\/p>\n<p>&nbsp;<\/p>\n","protected":false},"excerpt":{"rendered":"<p>St\u0159echa pergoly je tvo\u0159ena hlin\u00edkov\u00fdmi lamelami, kter\u00e9 lze orientovat od 0\u00b0 do 140\u00b0, s t\u011bsn\u011bn\u00edm a bo\u010dn\u00edm odtokem vody. Do pergoly lze integrovat LED bodov\u00e9 osv\u011btlen\u00ed, st\u00ednic\u00ed prvky &#8211; screenovou roletu \u010di venkovn\u00ed \u017ealuzii a tak\u00e9 anti-snow syst\u00e9m \u2013 syst\u00e9m proti zasn\u011b\u017eov\u00e1n\u00ed lamel. Krom\u011b dynamick\u00fdch test\u016f spl\u0148uj\u00ed pergoly Mira tak\u00e9 p\u0159\u00edsn\u00e9 n\u00e1roky na statick\u00e9 zkou\u0161ky&hellip;<\/p>\n","protected":false},"author":1,"featured_media":0,"parent":0,"menu_order":0,"comment_status":"closed","ping_status":"closed","template":"template_parts\/page-fullwidth_template.php","meta":[],"yoast_head":"<!-- This site is optimized with the Yoast SEO plugin v19.12 - https:\/\/yoast.com\/wordpress\/plugins\/seo\/ -->\n<title>Samonosn\u00e9 pergoly | GARTER<\/title>\n<meta name=\"robots\" content=\"index, follow, max-snippet:-1, max-image-preview:large, max-video-preview:-1\" \/>\n<link rel=\"canonical\" href=\"https:\/\/www.garter.cz\/index.php\/samonosne-pergoly\/\" \/>\n<meta property=\"og:locale\" content=\"cs_CZ\" \/>\n<meta property=\"og:type\" content=\"article\" \/>\n<meta property=\"og:title\" content=\"Samonosn\u00e9 pergoly | GARTER\" \/>\n<meta property=\"og:description\" content=\"St\u0159echa pergoly je tvo\u0159ena hlin\u00edkov\u00fdmi lamelami, kter\u00e9 lze orientovat od 0\u00b0 do 140\u00b0, s t\u011bsn\u011bn\u00edm a bo\u010dn\u00edm odtokem vody. Do pergoly lze integrovat LED bodov\u00e9 osv\u011btlen\u00ed, st\u00ednic\u00ed prvky &#8211; screenovou roletu \u010di venkovn\u00ed \u017ealuzii a tak\u00e9 anti-snow syst\u00e9m \u2013 syst\u00e9m proti zasn\u011b\u017eov\u00e1n\u00ed lamel. Krom\u011b dynamick\u00fdch test\u016f spl\u0148uj\u00ed pergoly Mira tak\u00e9 p\u0159\u00edsn\u00e9 n\u00e1roky na statick\u00e9 zkou\u0161ky&hellip;\" \/>\n<meta property=\"og:url\" content=\"https:\/\/www.garter.cz\/index.php\/samonosne-pergoly\/\" \/>\n<meta property=\"og:site_name\" content=\"GARTER\" \/>\n<meta property=\"article:publisher\" content=\"https:\/\/www.facebook.com\/Garter-180263639189596\/\" \/>\n<meta property=\"article:modified_time\" content=\"2018-04-23T14:08:31+00:00\" \/>\n<meta property=\"og:image\" content=\"http:\/\/www.garter.cz\/wp-content\/uploads\/2018\/04\/samonosne-pergoly.jpg\" \/>\n<meta name=\"twitter:card\" content=\"summary_large_image\" \/>\n<meta name=\"twitter:label1\" content=\"Odhadovan\u00e1 doba \u010dten\u00ed\" \/>\n\t<meta name=\"twitter:data1\" content=\"1 minuta\" \/>\n<script type=\"application\/ld+json\" class=\"yoast-schema-graph\">{\"@context\":\"https:\/\/schema.org\",\"@graph\":[{\"@type\":\"WebPage\",\"@id\":\"https:\/\/www.garter.cz\/index.php\/samonosne-pergoly\/\",\"url\":\"https:\/\/www.garter.cz\/index.php\/samonosne-pergoly\/\",\"name\":\"Samonosn\u00e9 pergoly | GARTER\",\"isPartOf\":{\"@id\":\"https:\/\/www.garter.cz\/#website\"},\"datePublished\":\"2018-04-22T16:21:56+00:00\",\"dateModified\":\"2018-04-23T14:08:31+00:00\",\"breadcrumb\":{\"@id\":\"https:\/\/www.garter.cz\/index.php\/samonosne-pergoly\/#breadcrumb\"},\"inLanguage\":\"cs\",\"potentialAction\":[{\"@type\":\"ReadAction\",\"target\":[\"https:\/\/www.garter.cz\/index.php\/samonosne-pergoly\/\"]}]},{\"@type\":\"BreadcrumbList\",\"@id\":\"https:\/\/www.garter.cz\/index.php\/samonosne-pergoly\/#breadcrumb\",\"itemListElement\":[{\"@type\":\"ListItem\",\"position\":1,\"name\":\"Dom\u016f\",\"item\":\"https:\/\/www.garter.cz\/\"},{\"@type\":\"ListItem\",\"position\":2,\"name\":\"Samonosn\u00e9 pergoly\"}]},{\"@type\":\"WebSite\",\"@id\":\"https:\/\/www.garter.cz\/#website\",\"url\":\"https:\/\/www.garter.cz\/\",\"name\":\"GARTER\",\"description\":\"Profesion\u00e1ln\u00ed st\u00edn\u00edc\u00ed technika\",\"publisher\":{\"@id\":\"https:\/\/www.garter.cz\/#organization\"},\"potentialAction\":[{\"@type\":\"SearchAction\",\"target\":{\"@type\":\"EntryPoint\",\"urlTemplate\":\"https:\/\/www.garter.cz\/?s={search_term_string}\"},\"query-input\":\"required name=search_term_string\"}],\"inLanguage\":\"cs\"},{\"@type\":\"Organization\",\"@id\":\"https:\/\/www.garter.cz\/#organization\",\"name\":\"GARTER\",\"url\":\"https:\/\/www.garter.cz\/\",\"logo\":{\"@type\":\"ImageObject\",\"inLanguage\":\"cs\",\"@id\":\"https:\/\/www.garter.cz\/#\/schema\/logo\/image\/\",\"url\":\"https:\/\/www.garter.cz\/wp-content\/uploads\/2017\/10\/logo-pr\u016fhledn\u00e9-e1508868751734.png\",\"contentUrl\":\"https:\/\/www.garter.cz\/wp-content\/uploads\/2017\/10\/logo-pr\u016fhledn\u00e9-e1508868751734.png\",\"width\":50,\"height\":50,\"caption\":\"GARTER\"},\"image\":{\"@id\":\"https:\/\/www.garter.cz\/#\/schema\/logo\/image\/\"},\"sameAs\":[\"https:\/\/www.facebook.com\/Garter-180263639189596\/\"]}]}<\/script>\n<!-- \/ Yoast SEO plugin. -->","yoast_head_json":{"title":"Samonosn\u00e9 pergoly | GARTER","robots":{"index":"index","follow":"follow","max-snippet":"max-snippet:-1","max-image-preview":"max-image-preview:large","max-video-preview":"max-video-preview:-1"},"canonical":"https:\/\/www.garter.cz\/index.php\/samonosne-pergoly\/","og_locale":"cs_CZ","og_type":"article","og_title":"Samonosn\u00e9 pergoly | GARTER","og_description":"St\u0159echa pergoly je tvo\u0159ena hlin\u00edkov\u00fdmi lamelami, kter\u00e9 lze orientovat od 0\u00b0 do 140\u00b0, s t\u011bsn\u011bn\u00edm a bo\u010dn\u00edm odtokem vody. Do pergoly lze integrovat LED bodov\u00e9 osv\u011btlen\u00ed, st\u00ednic\u00ed prvky &#8211; screenovou roletu \u010di venkovn\u00ed \u017ealuzii a tak\u00e9 anti-snow syst\u00e9m \u2013 syst\u00e9m proti zasn\u011b\u017eov\u00e1n\u00ed lamel. Krom\u011b dynamick\u00fdch test\u016f spl\u0148uj\u00ed pergoly Mira tak\u00e9 p\u0159\u00edsn\u00e9 n\u00e1roky na statick\u00e9 zkou\u0161ky&hellip;","og_url":"https:\/\/www.garter.cz\/index.php\/samonosne-pergoly\/","og_site_name":"GARTER","article_publisher":"https:\/\/www.facebook.com\/Garter-180263639189596\/","article_modified_time":"2018-04-23T14:08:31+00:00","og_image":[{"url":"http:\/\/www.garter.cz\/wp-content\/uploads\/2018\/04\/samonosne-pergoly.jpg"}],"twitter_card":"summary_large_image","twitter_misc":{"Odhadovan\u00e1 doba \u010dten\u00ed":"1 minuta"},"schema":{"@context":"https:\/\/schema.org","@graph":[{"@type":"WebPage","@id":"https:\/\/www.garter.cz\/index.php\/samonosne-pergoly\/","url":"https:\/\/www.garter.cz\/index.php\/samonosne-pergoly\/","name":"Samonosn\u00e9 pergoly | GARTER","isPartOf":{"@id":"https:\/\/www.garter.cz\/#website"},"datePublished":"2018-04-22T16:21:56+00:00","dateModified":"2018-04-23T14:08:31+00:00","breadcrumb":{"@id":"https:\/\/www.garter.cz\/index.php\/samonosne-pergoly\/#breadcrumb"},"inLanguage":"cs","potentialAction":[{"@type":"ReadAction","target":["https:\/\/www.garter.cz\/index.php\/samonosne-pergoly\/"]}]},{"@type":"BreadcrumbList","@id":"https:\/\/www.garter.cz\/index.php\/samonosne-pergoly\/#breadcrumb","itemListElement":[{"@type":"ListItem","position":1,"name":"Dom\u016f","item":"https:\/\/www.garter.cz\/"},{"@type":"ListItem","position":2,"name":"Samonosn\u00e9 pergoly"}]},{"@type":"WebSite","@id":"https:\/\/www.garter.cz\/#website","url":"https:\/\/www.garter.cz\/","name":"GARTER","description":"Profesion\u00e1ln\u00ed st\u00edn\u00edc\u00ed technika","publisher":{"@id":"https:\/\/www.garter.cz\/#organization"},"potentialAction":[{"@type":"SearchAction","target":{"@type":"EntryPoint","urlTemplate":"https:\/\/www.garter.cz\/?s={search_term_string}"},"query-input":"required name=search_term_string"}],"inLanguage":"cs"},{"@type":"Organization","@id":"https:\/\/www.garter.cz\/#organization","name":"GARTER","url":"https:\/\/www.garter.cz\/","logo":{"@type":"ImageObject","inLanguage":"cs","@id":"https:\/\/www.garter.cz\/#\/schema\/logo\/image\/","url":"https:\/\/www.garter.cz\/wp-content\/uploads\/2017\/10\/logo-pr\u016fhledn\u00e9-e1508868751734.png","contentUrl":"https:\/\/www.garter.cz\/wp-content\/uploads\/2017\/10\/logo-pr\u016fhledn\u00e9-e1508868751734.png","width":50,"height":50,"caption":"GARTER"},"image":{"@id":"https:\/\/www.garter.cz\/#\/schema\/logo\/image\/"},"sameAs":["https:\/\/www.facebook.com\/Garter-180263639189596\/"]}]}},"_links":{"self":[{"href":"https:\/\/www.garter.cz\/index.php\/wp-json\/wp\/v2\/pages\/363"}],"collection":[{"href":"https:\/\/www.garter.cz\/index.php\/wp-json\/wp\/v2\/pages"}],"about":[{"href":"https:\/\/www.garter.cz\/index.php\/wp-json\/wp\/v2\/types\/page"}],"author":[{"embeddable":true,"href":"https:\/\/www.garter.cz\/index.php\/wp-json\/wp\/v2\/users\/1"}],"replies":[{"embeddable":true,"href":"https:\/\/www.garter.cz\/index.php\/wp-json\/wp\/v2\/comments?post=363"}],"version-history":[{"count":4,"href":"https:\/\/www.garter.cz\/index.php\/wp-json\/wp\/v2\/pages\/363\/revisions"}],"predecessor-version":[{"id":370,"href":"https:\/\/www.garter.cz\/index.php\/wp-json\/wp\/v2\/pages\/363\/revisions\/370"}],"wp:attachment":[{"href":"https:\/\/www.garter.cz\/index.php\/wp-json\/wp\/v2\/media?parent=363"}],"curies":[{"name":"wp","href":"https:\/\/api.w.org\/{rel}","templated":true}]}}

Samonosné pergoly

<p><img fetchpriority="high" decoding="async" class="size-full wp-image-365 aligncenter" src="http://www.garter.cz/wp-content/uploads/2018/04/samonosne-pergoly.jpg" alt="" width="920" height="337" srcset="https://www.garter.cz/wp-content/uploads/2018/04/samonosne-pergoly.jpg 920w, https://www.garter.cz/wp-content/uploads/2018/04/samonosne-pergoly-600x220.jpg 600w, https://www.garter.cz/wp-content/uploads/2018/04/samonosne-pergoly-300x110.jpg 300w, https://www.garter.cz/wp-content/uploads/2018/04/samonosne-pergoly-768x281.jpg 768w" sizes="(max-width: 920px) 100vw, 920px" /></p>
<p>Střecha pergoly je tvořena hliníkovými lamelami, které lze orientovat od 0° do 140°, s těsněním a bočním odtokem vody. Do pergoly lze integrovat LED bodové osvětlení, stínicí prvky &#8211; screenovou<br />
roletu či venkovní žaluzii a také anti-snow systém – systém proti zasněžování lamel.</p>
<p>Kromě dynamických testů splňují pergoly Mira také přísné nároky na statické zkoušky rovnoměrného zatížení lamel v uzavřené poloze o hmotnosti až 140 kg/m2. Pergoly splňují požadavky 6. třídy odolnosti proti větru.</p>
<p><strong>Přednosti a výhody</strong><br />
<span style="font-size: 12pt;">• Inovativní design,</span><br />
<span style="font-size: 12pt;"> • hliníkové lamely s orientací 0° až 140°,</span><br />
<span style="font-size: 12pt;"> • boční odtok vody integrovaný́ do stojky,</span><br />
<span style="font-size: 12pt;"> • ochrana proti dešti a sněhu (max. zatížení 140 kg/m2),</span><br />
<span style="font-size: 12pt;"> • vysoká odolnost proti větru,</span><br />
<span style="font-size: 12pt;"> • možnost integrace screenových rolet či venkovních žaluzií,</span><br />
<span style="font-size: 12pt;"> • možnost spřažení pergol,</span><br />
<span style="font-size: 12pt;"> • ovládání dálkovým ovladačem.</span></p>
<p><strong>Základní rozměry pro pergoly MIRA</strong><br />
délka min. 2000mm, max. 7000mm<br />
šiřka min. 2000mm, max. 4500mm<br />
výška max. 3000mm</p>
<p>Garantovaná plocha 31.5 metrů čtverečních</p>
<p><strong>Základní barevné provedení konstrukce a lamel</strong></p>
<p><img decoding="async" class="alignnone wp-image-364 size-full" src="http://www.garter.cz/wp-content/uploads/2018/04/barvy.jpg" alt="" width="920" height="91" srcset="https://www.garter.cz/wp-content/uploads/2018/04/barvy.jpg 920w, https://www.garter.cz/wp-content/uploads/2018/04/barvy-600x59.jpg 600w, https://www.garter.cz/wp-content/uploads/2018/04/barvy-300x30.jpg 300w, https://www.garter.cz/wp-content/uploads/2018/04/barvy-768x76.jpg 768w" sizes="(max-width: 920px) 100vw, 920px" /></p>
<p>&nbsp;</p>

<p>Střecha pergoly je tvořena hliníkovými lamelami, které lze orientovat od 0° do 140°, s těsněním a bočním odtokem vody. Do pergoly lze integrovat LED bodové osvětlení, stínicí prvky &#8211; screenovou roletu či venkovní žaluzii a také anti-snow systém – systém proti zasněžování lamel. Kromě dynamických testů splňují pergoly Mira také přísné nároky na statické zkoušky&hellip;</p>

<!-- This site is optimized with the Yoast SEO plugin v19.12 - https://yoast.com/wordpress/plugins/seo/ -->
<title>Samonosné pergoly | GARTER</title>
<meta name="robots" content="index, follow, max-snippet:-1, max-image-preview:large, max-video-preview:-1" />
<link rel="canonical" href="https://www.garter.cz/index.php/samonosne-pergoly/" />
<meta property="og:locale" content="cs_CZ" />
<meta property="og:type" content="article" />
<meta property="og:title" content="Samonosné pergoly | GARTER" />
<meta property="og:description" content="Střecha pergoly je tvořena hliníkovými lamelami, které lze orientovat od 0° do 140°, s těsněním a bočním odtokem vody. Do pergoly lze integrovat LED bodové osvětlení, stínicí prvky &#8211; screenovou roletu či venkovní žaluzii a také anti-snow systém – systém proti zasněžování lamel. Kromě dynamických testů splňují pergoly Mira také přísné nároky na statické zkoušky&hellip;" />
<meta property="og:url" content="https://www.garter.cz/index.php/samonosne-pergoly/" />
<meta property="og:site_name" content="GARTER" />
<meta property="article:publisher" content="https://www.facebook.com/Garter-180263639189596/" />
<meta property="article:modified_time" content="2018-04-23T14:08:31+00:00" />
<meta property="og:image" content="http://www.garter.cz/wp-content/uploads/2018/04/samonosne-pergoly.jpg" />
<meta name="twitter:card" content="summary_large_image" />
<meta name="twitter:label1" content="Odhadovaná doba čtení" />
	<meta name="twitter:data1" content="1 minuta" />
<script type="application/ld+json" class="yoast-schema-graph">{"@context":"https://schema.org","@graph":[{"@type":"WebPage","@id":"https://www.garter.cz/index.php/samonosne-pergoly/","url":"https://www.garter.cz/index.php/samonosne-pergoly/","name":"Samonosné pergoly | GARTER","isPartOf":{"@id":"https://www.garter.cz/#website"},"datePublished":"2018-04-22T16:21:56+00:00","dateModified":"2018-04-23T14:08:31+00:00","breadcrumb":{"@id":"https://www.garter.cz/index.php/samonosne-pergoly/#breadcrumb"},"inLanguage":"cs","potentialAction":[{"@type":"ReadAction","target":["https://www.garter.cz/index.php/samonosne-pergoly/"]}]},{"@type":"BreadcrumbList","@id":"https://www.garter.cz/index.php/samonosne-pergoly/#breadcrumb","itemListElement":[{"@type":"ListItem","position":1,"name":"Domů","item":"https://www.garter.cz/"},{"@type":"ListItem","position":2,"name":"Samonosné pergoly"}]},{"@type":"WebSite","@id":"https://www.garter.cz/#website","url":"https://www.garter.cz/","name":"GARTER","description":"Profesionální stínící technika","publisher":{"@id":"https://www.garter.cz/#organization"},"potentialAction":[{"@type":"SearchAction","target":{"@type":"EntryPoint","urlTemplate":"https://www.garter.cz/?s={search_term_string}"},"query-input":"required name=search_term_string"}],"inLanguage":"cs"},{"@type":"Organization","@id":"https://www.garter.cz/#organization","name":"GARTER","url":"https://www.garter.cz/","logo":{"@type":"ImageObject","inLanguage":"cs","@id":"https://www.garter.cz/#/schema/logo/image/","url":"https://www.garter.cz/wp-content/uploads/2017/10/logo-průhledné-e1508868751734.png","contentUrl":"https://www.garter.cz/wp-content/uploads/2017/10/logo-průhledné-e1508868751734.png","width":50,"height":50,"caption":"GARTER"},"image":{"@id":"https://www.garter.cz/#/schema/logo/image/"},"sameAs":["https://www.facebook.com/Garter-180263639189596/"]}]}</script>
<!-- / Yoast SEO plugin. -->

Samonosné pergoly | GARTER

Střecha pergoly je tvořena hliníkovými lamelami, které lze orientovat od 0° do 140°, s těsněním a bočním odtokem vody. Do pergoly lze integrovat LED bodové osvětlení, stínicí prvky &#8211; screenovou roletu či venkovní žaluzii a také anti-snow systém – systém proti zasněžování lamel. Kromě dynamických testů splňují pergoly Mira také přísné nároky na statické zkoušky&hellip;

Domů

Profesionální stínící technika

https://www.garter.cz/wp-content/uploads/2017/10/logo-průhledné-e1508868751734.png
