{"id":373,"date":"2019-01-19T13:56:50","date_gmt":"2019-01-19T13:56:50","guid":{"rendered":"http:\/\/www.garter.cz\/?page_id=373"},"modified":"2019-01-19T14:00:24","modified_gmt":"2019-01-19T14:00:24","slug":"site-proti-hmyzu","status":"publish","type":"page","link":"https:\/\/www.garter.cz\/index.php\/site-proti-hmyzu\/","title":{"rendered":"S\u00edt\u011b proti hmyzu"},"content":{"rendered":"<p><img fetchpriority=\"high\" decoding=\"async\" class=\"alignright wp-image-431 size-medium\" src=\"http:\/\/www.garter.cz\/wp-content\/uploads\/2019\/01\/2014-12-27-01-16-28-sitporithmyzu-300x247.jpg\" alt=\"\" width=\"300\" height=\"247\" srcset=\"https:\/\/www.garter.cz\/wp-content\/uploads\/2019\/01\/2014-12-27-01-16-28-sitporithmyzu-300x247.jpg 300w, https:\/\/www.garter.cz\/wp-content\/uploads\/2019\/01\/2014-12-27-01-16-28-sitporithmyzu-768x632.jpg 768w, https:\/\/www.garter.cz\/wp-content\/uploads\/2019\/01\/2014-12-27-01-16-28-sitporithmyzu-600x494.jpg 600w, https:\/\/www.garter.cz\/wp-content\/uploads\/2019\/01\/2014-12-27-01-16-28-sitporithmyzu.jpg 904w\" sizes=\"(max-width: 300px) 100vw, 300px\" \/><\/p>\n<p><strong>S\u00edt\u011b proti hmyzu<\/strong> p\u0159edstavuj\u00ed nej\u00fa\u010dinn\u011bj\u0161\u00ed ochranu interi\u00e9ru proti hmyzu a jsou neodmysliteln\u00fdm dopl\u0148kem nejen obytn\u00fdch, ale i kancel\u00e1\u0159sk\u00fdch a v\u00fdrobn\u00edch prostor. Snadn\u00e1 mont\u00e1\u017e a demont\u00e1\u017e na okenn\u00ed r\u00e1m z interi\u00e9ru z nich d\u011bl\u00e1 elegantn\u00ed, p\u0159itom v\u0161ak vysoce funk\u010dn\u00ed dopln\u011bk ka\u017ed\u00e9ho okna. S\u00ed\u0165 je vhodn\u00e1 pro plastov\u00e1, d\u0159ev\u011bn\u00e1 a hlin\u00edkov\u00e1 okna s izola\u010dn\u00edm sklem.<\/p>\n<h2>P\u0159ednosti a v\u00fdhody<\/h2>\n<p>hlin\u00edkov\u00fd r\u00e1m,<br \/>\nmont\u00e1\u017e nevy\u017eaduje jak\u00e9koliv z\u00e1sahy do r\u00e1mu okna,<br \/>\nvhodn\u00e1 pro okna bez okapnice,<br \/>\nbarevn\u00e9 provedn\u00ed r\u00e1mu dle vzorn\u00edku RAL, v imitaci d\u0159eva nebo pota\u017een\u00ed renolitem.<\/p>\n<p>V p\u0159\u00edpad\u011b objedn\u00e1vky p\u0159edooken\u00edch rolet nab\u00edz\u00edme s\u00edt\u011b zdarma.<\/p>\n","protected":false},"excerpt":{"rendered":"<p>S\u00edt\u011b proti hmyzu p\u0159edstavuj\u00ed nej\u00fa\u010dinn\u011bj\u0161\u00ed ochranu interi\u00e9ru proti hmyzu a jsou neodmysliteln\u00fdm dopl\u0148kem nejen obytn\u00fdch, ale i kancel\u00e1\u0159sk\u00fdch a v\u00fdrobn\u00edch prostor. Snadn\u00e1 mont\u00e1\u017e a demont\u00e1\u017e na okenn\u00ed r\u00e1m z interi\u00e9ru z nich d\u011bl\u00e1 elegantn\u00ed, p\u0159itom v\u0161ak vysoce funk\u010dn\u00ed dopln\u011bk ka\u017ed\u00e9ho okna. S\u00ed\u0165 je vhodn\u00e1 pro plastov\u00e1, d\u0159ev\u011bn\u00e1 a hlin\u00edkov\u00e1 okna s izola\u010dn\u00edm sklem. P\u0159ednosti a&hellip;<\/p>\n","protected":false},"author":1,"featured_media":0,"parent":0,"menu_order":0,"comment_status":"closed","ping_status":"closed","template":"template_parts\/page-fullwidth_template.php","meta":[],"yoast_head":"<!-- This site is optimized with the Yoast SEO plugin v19.12 - https:\/\/yoast.com\/wordpress\/plugins\/seo\/ -->\n<title>S\u00edt\u011b proti hmyzu | GARTER<\/title>\n<meta name=\"robots\" content=\"index, follow, max-snippet:-1, max-image-preview:large, max-video-preview:-1\" \/>\n<link rel=\"canonical\" href=\"https:\/\/www.garter.cz\/index.php\/site-proti-hmyzu\/\" \/>\n<meta property=\"og:locale\" content=\"cs_CZ\" \/>\n<meta property=\"og:type\" content=\"article\" \/>\n<meta property=\"og:title\" content=\"S\u00edt\u011b proti hmyzu | GARTER\" \/>\n<meta property=\"og:description\" content=\"S\u00edt\u011b proti hmyzu p\u0159edstavuj\u00ed nej\u00fa\u010dinn\u011bj\u0161\u00ed ochranu interi\u00e9ru proti hmyzu a jsou neodmysliteln\u00fdm dopl\u0148kem nejen obytn\u00fdch, ale i kancel\u00e1\u0159sk\u00fdch a v\u00fdrobn\u00edch prostor. Snadn\u00e1 mont\u00e1\u017e a demont\u00e1\u017e na okenn\u00ed r\u00e1m z interi\u00e9ru z nich d\u011bl\u00e1 elegantn\u00ed, p\u0159itom v\u0161ak vysoce funk\u010dn\u00ed dopln\u011bk ka\u017ed\u00e9ho okna. S\u00ed\u0165 je vhodn\u00e1 pro plastov\u00e1, d\u0159ev\u011bn\u00e1 a hlin\u00edkov\u00e1 okna s izola\u010dn\u00edm sklem. P\u0159ednosti a&hellip;\" \/>\n<meta property=\"og:url\" content=\"https:\/\/www.garter.cz\/index.php\/site-proti-hmyzu\/\" \/>\n<meta property=\"og:site_name\" content=\"GARTER\" \/>\n<meta property=\"article:publisher\" content=\"https:\/\/www.facebook.com\/Garter-180263639189596\/\" \/>\n<meta property=\"article:modified_time\" content=\"2019-01-19T14:00:24+00:00\" \/>\n<meta property=\"og:image\" content=\"http:\/\/www.garter.cz\/wp-content\/uploads\/2019\/01\/2014-12-27-01-16-28-sitporithmyzu-300x247.jpg\" \/>\n<meta name=\"twitter:card\" content=\"summary_large_image\" \/>\n<meta name=\"twitter:label1\" content=\"Odhadovan\u00e1 doba \u010dten\u00ed\" \/>\n\t<meta name=\"twitter:data1\" content=\"1 minuta\" \/>\n<script type=\"application\/ld+json\" class=\"yoast-schema-graph\">{\"@context\":\"https:\/\/schema.org\",\"@graph\":[{\"@type\":\"WebPage\",\"@id\":\"https:\/\/www.garter.cz\/index.php\/site-proti-hmyzu\/\",\"url\":\"https:\/\/www.garter.cz\/index.php\/site-proti-hmyzu\/\",\"name\":\"S\u00edt\u011b proti hmyzu | GARTER\",\"isPartOf\":{\"@id\":\"https:\/\/www.garter.cz\/#website\"},\"datePublished\":\"2019-01-19T13:56:50+00:00\",\"dateModified\":\"2019-01-19T14:00:24+00:00\",\"breadcrumb\":{\"@id\":\"https:\/\/www.garter.cz\/index.php\/site-proti-hmyzu\/#breadcrumb\"},\"inLanguage\":\"cs\",\"potentialAction\":[{\"@type\":\"ReadAction\",\"target\":[\"https:\/\/www.garter.cz\/index.php\/site-proti-hmyzu\/\"]}]},{\"@type\":\"BreadcrumbList\",\"@id\":\"https:\/\/www.garter.cz\/index.php\/site-proti-hmyzu\/#breadcrumb\",\"itemListElement\":[{\"@type\":\"ListItem\",\"position\":1,\"name\":\"Dom\u016f\",\"item\":\"https:\/\/www.garter.cz\/\"},{\"@type\":\"ListItem\",\"position\":2,\"name\":\"S\u00edt\u011b proti hmyzu\"}]},{\"@type\":\"WebSite\",\"@id\":\"https:\/\/www.garter.cz\/#website\",\"url\":\"https:\/\/www.garter.cz\/\",\"name\":\"GARTER\",\"description\":\"Profesion\u00e1ln\u00ed st\u00edn\u00edc\u00ed technika\",\"publisher\":{\"@id\":\"https:\/\/www.garter.cz\/#organization\"},\"potentialAction\":[{\"@type\":\"SearchAction\",\"target\":{\"@type\":\"EntryPoint\",\"urlTemplate\":\"https:\/\/www.garter.cz\/?s={search_term_string}\"},\"query-input\":\"required name=search_term_string\"}],\"inLanguage\":\"cs\"},{\"@type\":\"Organization\",\"@id\":\"https:\/\/www.garter.cz\/#organization\",\"name\":\"GARTER\",\"url\":\"https:\/\/www.garter.cz\/\",\"logo\":{\"@type\":\"ImageObject\",\"inLanguage\":\"cs\",\"@id\":\"https:\/\/www.garter.cz\/#\/schema\/logo\/image\/\",\"url\":\"https:\/\/www.garter.cz\/wp-content\/uploads\/2017\/10\/logo-pr\u016fhledn\u00e9-e1508868751734.png\",\"contentUrl\":\"https:\/\/www.garter.cz\/wp-content\/uploads\/2017\/10\/logo-pr\u016fhledn\u00e9-e1508868751734.png\",\"width\":50,\"height\":50,\"caption\":\"GARTER\"},\"image\":{\"@id\":\"https:\/\/www.garter.cz\/#\/schema\/logo\/image\/\"},\"sameAs\":[\"https:\/\/www.facebook.com\/Garter-180263639189596\/\"]}]}<\/script>\n<!-- \/ Yoast SEO plugin. -->","yoast_head_json":{"title":"S\u00edt\u011b proti hmyzu | GARTER","robots":{"index":"index","follow":"follow","max-snippet":"max-snippet:-1","max-image-preview":"max-image-preview:large","max-video-preview":"max-video-preview:-1"},"canonical":"https:\/\/www.garter.cz\/index.php\/site-proti-hmyzu\/","og_locale":"cs_CZ","og_type":"article","og_title":"S\u00edt\u011b proti hmyzu | GARTER","og_description":"S\u00edt\u011b proti hmyzu p\u0159edstavuj\u00ed nej\u00fa\u010dinn\u011bj\u0161\u00ed ochranu interi\u00e9ru proti hmyzu a jsou neodmysliteln\u00fdm dopl\u0148kem nejen obytn\u00fdch, ale i kancel\u00e1\u0159sk\u00fdch a v\u00fdrobn\u00edch prostor. Snadn\u00e1 mont\u00e1\u017e a demont\u00e1\u017e na okenn\u00ed r\u00e1m z interi\u00e9ru z nich d\u011bl\u00e1 elegantn\u00ed, p\u0159itom v\u0161ak vysoce funk\u010dn\u00ed dopln\u011bk ka\u017ed\u00e9ho okna. S\u00ed\u0165 je vhodn\u00e1 pro plastov\u00e1, d\u0159ev\u011bn\u00e1 a hlin\u00edkov\u00e1 okna s izola\u010dn\u00edm sklem. P\u0159ednosti a&hellip;","og_url":"https:\/\/www.garter.cz\/index.php\/site-proti-hmyzu\/","og_site_name":"GARTER","article_publisher":"https:\/\/www.facebook.com\/Garter-180263639189596\/","article_modified_time":"2019-01-19T14:00:24+00:00","og_image":[{"url":"http:\/\/www.garter.cz\/wp-content\/uploads\/2019\/01\/2014-12-27-01-16-28-sitporithmyzu-300x247.jpg"}],"twitter_card":"summary_large_image","twitter_misc":{"Odhadovan\u00e1 doba \u010dten\u00ed":"1 minuta"},"schema":{"@context":"https:\/\/schema.org","@graph":[{"@type":"WebPage","@id":"https:\/\/www.garter.cz\/index.php\/site-proti-hmyzu\/","url":"https:\/\/www.garter.cz\/index.php\/site-proti-hmyzu\/","name":"S\u00edt\u011b proti hmyzu | GARTER","isPartOf":{"@id":"https:\/\/www.garter.cz\/#website"},"datePublished":"2019-01-19T13:56:50+00:00","dateModified":"2019-01-19T14:00:24+00:00","breadcrumb":{"@id":"https:\/\/www.garter.cz\/index.php\/site-proti-hmyzu\/#breadcrumb"},"inLanguage":"cs","potentialAction":[{"@type":"ReadAction","target":["https:\/\/www.garter.cz\/index.php\/site-proti-hmyzu\/"]}]},{"@type":"BreadcrumbList","@id":"https:\/\/www.garter.cz\/index.php\/site-proti-hmyzu\/#breadcrumb","itemListElement":[{"@type":"ListItem","position":1,"name":"Dom\u016f","item":"https:\/\/www.garter.cz\/"},{"@type":"ListItem","position":2,"name":"S\u00edt\u011b proti hmyzu"}]},{"@type":"WebSite","@id":"https:\/\/www.garter.cz\/#website","url":"https:\/\/www.garter.cz\/","name":"GARTER","description":"Profesion\u00e1ln\u00ed st\u00edn\u00edc\u00ed technika","publisher":{"@id":"https:\/\/www.garter.cz\/#organization"},"potentialAction":[{"@type":"SearchAction","target":{"@type":"EntryPoint","urlTemplate":"https:\/\/www.garter.cz\/?s={search_term_string}"},"query-input":"required name=search_term_string"}],"inLanguage":"cs"},{"@type":"Organization","@id":"https:\/\/www.garter.cz\/#organization","name":"GARTER","url":"https:\/\/www.garter.cz\/","logo":{"@type":"ImageObject","inLanguage":"cs","@id":"https:\/\/www.garter.cz\/#\/schema\/logo\/image\/","url":"https:\/\/www.garter.cz\/wp-content\/uploads\/2017\/10\/logo-pr\u016fhledn\u00e9-e1508868751734.png","contentUrl":"https:\/\/www.garter.cz\/wp-content\/uploads\/2017\/10\/logo-pr\u016fhledn\u00e9-e1508868751734.png","width":50,"height":50,"caption":"GARTER"},"image":{"@id":"https:\/\/www.garter.cz\/#\/schema\/logo\/image\/"},"sameAs":["https:\/\/www.facebook.com\/Garter-180263639189596\/"]}]}},"_links":{"self":[{"href":"https:\/\/www.garter.cz\/index.php\/wp-json\/wp\/v2\/pages\/373"}],"collection":[{"href":"https:\/\/www.garter.cz\/index.php\/wp-json\/wp\/v2\/pages"}],"about":[{"href":"https:\/\/www.garter.cz\/index.php\/wp-json\/wp\/v2\/types\/page"}],"author":[{"embeddable":true,"href":"https:\/\/www.garter.cz\/index.php\/wp-json\/wp\/v2\/users\/1"}],"replies":[{"embeddable":true,"href":"https:\/\/www.garter.cz\/index.php\/wp-json\/wp\/v2\/comments?post=373"}],"version-history":[{"count":4,"href":"https:\/\/www.garter.cz\/index.php\/wp-json\/wp\/v2\/pages\/373\/revisions"}],"predecessor-version":[{"id":432,"href":"https:\/\/www.garter.cz\/index.php\/wp-json\/wp\/v2\/pages\/373\/revisions\/432"}],"wp:attachment":[{"href":"https:\/\/www.garter.cz\/index.php\/wp-json\/wp\/v2\/media?parent=373"}],"curies":[{"name":"wp","href":"https:\/\/api.w.org\/{rel}","templated":true}]}}

Sítě proti hmyzu

<p><img fetchpriority="high" decoding="async" class="alignright wp-image-431 size-medium" src="http://www.garter.cz/wp-content/uploads/2019/01/2014-12-27-01-16-28-sitporithmyzu-300x247.jpg" alt="" width="300" height="247" srcset="https://www.garter.cz/wp-content/uploads/2019/01/2014-12-27-01-16-28-sitporithmyzu-300x247.jpg 300w, https://www.garter.cz/wp-content/uploads/2019/01/2014-12-27-01-16-28-sitporithmyzu-768x632.jpg 768w, https://www.garter.cz/wp-content/uploads/2019/01/2014-12-27-01-16-28-sitporithmyzu-600x494.jpg 600w, https://www.garter.cz/wp-content/uploads/2019/01/2014-12-27-01-16-28-sitporithmyzu.jpg 904w" sizes="(max-width: 300px) 100vw, 300px" /></p>
<p><strong>Sítě proti hmyzu</strong> představují nejúčinnější ochranu interiéru proti hmyzu a jsou neodmyslitelným doplňkem nejen obytných, ale i kancelářských a výrobních prostor. Snadná montáž a demontáž na okenní rám z interiéru z nich dělá elegantní, přitom však vysoce funkční doplněk každého okna. Síť je vhodná pro plastová, dřevěná a hliníková okna s izolačním sklem.</p>
<h2>Přednosti a výhody</h2>
<p>hliníkový rám,<br />
montáž nevyžaduje jakékoliv zásahy do rámu okna,<br />
vhodná pro okna bez okapnice,<br />
barevné provední rámu dle vzorníku RAL, v imitaci dřeva nebo potažení renolitem.</p>
<p>V případě objednávky předookeních rolet nabízíme sítě zdarma.</p>

<p>Sítě proti hmyzu představují nejúčinnější ochranu interiéru proti hmyzu a jsou neodmyslitelným doplňkem nejen obytných, ale i kancelářských a výrobních prostor. Snadná montáž a demontáž na okenní rám z interiéru z nich dělá elegantní, přitom však vysoce funkční doplněk každého okna. Síť je vhodná pro plastová, dřevěná a hliníková okna s izolačním sklem. Přednosti a&hellip;</p>

<!-- This site is optimized with the Yoast SEO plugin v19.12 - https://yoast.com/wordpress/plugins/seo/ -->
<title>Sítě proti hmyzu | GARTER</title>
<meta name="robots" content="index, follow, max-snippet:-1, max-image-preview:large, max-video-preview:-1" />
<link rel="canonical" href="https://www.garter.cz/index.php/site-proti-hmyzu/" />
<meta property="og:locale" content="cs_CZ" />
<meta property="og:type" content="article" />
<meta property="og:title" content="Sítě proti hmyzu | GARTER" />
<meta property="og:description" content="Sítě proti hmyzu představují nejúčinnější ochranu interiéru proti hmyzu a jsou neodmyslitelným doplňkem nejen obytných, ale i kancelářských a výrobních prostor. Snadná montáž a demontáž na okenní rám z interiéru z nich dělá elegantní, přitom však vysoce funkční doplněk každého okna. Síť je vhodná pro plastová, dřevěná a hliníková okna s izolačním sklem. Přednosti a&hellip;" />
<meta property="og:url" content="https://www.garter.cz/index.php/site-proti-hmyzu/" />
<meta property="og:site_name" content="GARTER" />
<meta property="article:publisher" content="https://www.facebook.com/Garter-180263639189596/" />
<meta property="article:modified_time" content="2019-01-19T14:00:24+00:00" />
<meta property="og:image" content="http://www.garter.cz/wp-content/uploads/2019/01/2014-12-27-01-16-28-sitporithmyzu-300x247.jpg" />
<meta name="twitter:card" content="summary_large_image" />
<meta name="twitter:label1" content="Odhadovaná doba čtení" />
	<meta name="twitter:data1" content="1 minuta" />
<script type="application/ld+json" class="yoast-schema-graph">{"@context":"https://schema.org","@graph":[{"@type":"WebPage","@id":"https://www.garter.cz/index.php/site-proti-hmyzu/","url":"https://www.garter.cz/index.php/site-proti-hmyzu/","name":"Sítě proti hmyzu | GARTER","isPartOf":{"@id":"https://www.garter.cz/#website"},"datePublished":"2019-01-19T13:56:50+00:00","dateModified":"2019-01-19T14:00:24+00:00","breadcrumb":{"@id":"https://www.garter.cz/index.php/site-proti-hmyzu/#breadcrumb"},"inLanguage":"cs","potentialAction":[{"@type":"ReadAction","target":["https://www.garter.cz/index.php/site-proti-hmyzu/"]}]},{"@type":"BreadcrumbList","@id":"https://www.garter.cz/index.php/site-proti-hmyzu/#breadcrumb","itemListElement":[{"@type":"ListItem","position":1,"name":"Domů","item":"https://www.garter.cz/"},{"@type":"ListItem","position":2,"name":"Sítě proti hmyzu"}]},{"@type":"WebSite","@id":"https://www.garter.cz/#website","url":"https://www.garter.cz/","name":"GARTER","description":"Profesionální stínící technika","publisher":{"@id":"https://www.garter.cz/#organization"},"potentialAction":[{"@type":"SearchAction","target":{"@type":"EntryPoint","urlTemplate":"https://www.garter.cz/?s={search_term_string}"},"query-input":"required name=search_term_string"}],"inLanguage":"cs"},{"@type":"Organization","@id":"https://www.garter.cz/#organization","name":"GARTER","url":"https://www.garter.cz/","logo":{"@type":"ImageObject","inLanguage":"cs","@id":"https://www.garter.cz/#/schema/logo/image/","url":"https://www.garter.cz/wp-content/uploads/2017/10/logo-průhledné-e1508868751734.png","contentUrl":"https://www.garter.cz/wp-content/uploads/2017/10/logo-průhledné-e1508868751734.png","width":50,"height":50,"caption":"GARTER"},"image":{"@id":"https://www.garter.cz/#/schema/logo/image/"},"sameAs":["https://www.facebook.com/Garter-180263639189596/"]}]}</script>
<!-- / Yoast SEO plugin. -->

Sítě proti hmyzu | GARTER

Sítě proti hmyzu představují nejúčinnější ochranu interiéru proti hmyzu a jsou neodmyslitelným doplňkem nejen obytných, ale i kancelářských a výrobních prostor. Snadná montáž a demontáž na okenní rám z interiéru z nich dělá elegantní, přitom však vysoce funkční doplněk každého okna. Síť je vhodná pro plastová, dřevěná a hliníková okna s izolačním sklem. Přednosti a&hellip;

Domů

Profesionální stínící technika

https://www.garter.cz/wp-content/uploads/2017/10/logo-průhledné-e1508868751734.png
