{"id":494,"date":"2019-05-06T15:56:13","date_gmt":"2019-05-06T15:56:13","guid":{"rendered":"http:\/\/www.garter.cz\/?page_id=494"},"modified":"2019-05-06T15:56:20","modified_gmt":"2019-05-06T15:56:20","slug":"predokenni-rolety-prerov","status":"publish","type":"page","link":"https:\/\/www.garter.cz\/index.php\/predokenni-rolety-prerov\/","title":{"rendered":"P\u0159edokenn\u00ed rolety P\u0159erov"},"content":{"rendered":"<h2>P\u0159edokenn\u00ed rolety P\u0159erov<\/h2>\n<p>Zab\u00fdv\u00e1me se v\u00fdrobou a mont\u00e1\u017e\u00ed p\u0159edokenn\u00edch rolet v lokalit\u011b P\u0159erov a okol\u00ed P\u0159erova, nab\u00edz\u00edme tak\u00e9 jejich opravu a servis. Nab\u00edz\u00edme zdarma nam\u011b\u0159en\u00ed a cenovou nab\u00eddku.<\/p>\n<h2 class=\"plus\">P\u0159ednosti a v\u00fdhody<\/h2>\n<ul>\n<li><em>vysok\u00fd stupe\u0148 zast\u00edn\u011bn\u00ed a sni\u017eov\u00e1n\u00ed hladiny venkovn\u00edho hluku<\/em><\/li>\n<li><em>termoregula\u010dn\u00ed i ochrann\u00fd efekt<\/em><\/li>\n<li><em>mo\u017enost elektrick\u00e9ho ovl\u00e1d\u00e1n\u00ed<\/em><\/li>\n<li><em>vhodn\u00e1 pro dodate\u010dnou mont\u00e1\u017e na r\u00e1m okna nebo na fas\u00e1du<\/em><\/li>\n<li><em>zaom\u00edtac\u00ed proveden\u00ed vhodn\u00e9 pod fas\u00e1du nebo zateplovac\u00ed syst\u00e9m<\/em><\/li>\n<li><em>hlin\u00edkov\u00e9 lamely pln\u011bn\u00e9 PUR p\u011bnou nebo plastov\u00e9 lamely<\/em><\/li>\n<li><em>mo\u017enost proveden\u00ed s integrovanou s\u00edt\u00ed proti hmyzu Vivera-Sectra<\/em><\/li>\n<li><em>maxim\u00e1ln\u00ed garantovan\u00e1 plocha 8,5 m<sup>2<\/sup><\/em><\/li>\n<\/ul>\n<p style=\"text-align: center;\"><strong>V\u00edce informac\u00ed v horn\u00edm menu nebo na tel: +420 774 007 022<\/strong><\/p>\n","protected":false},"excerpt":{"rendered":"<p>P\u0159edokenn\u00ed rolety P\u0159erov Zab\u00fdv\u00e1me se v\u00fdrobou a mont\u00e1\u017e\u00ed p\u0159edokenn\u00edch rolet v lokalit\u011b P\u0159erov a okol\u00ed P\u0159erova, nab\u00edz\u00edme tak\u00e9 jejich opravu a servis. Nab\u00edz\u00edme zdarma nam\u011b\u0159en\u00ed a cenovou nab\u00eddku. P\u0159ednosti a v\u00fdhody vysok\u00fd stupe\u0148 zast\u00edn\u011bn\u00ed a sni\u017eov\u00e1n\u00ed hladiny venkovn\u00edho hluku termoregula\u010dn\u00ed i ochrann\u00fd efekt mo\u017enost elektrick\u00e9ho ovl\u00e1d\u00e1n\u00ed vhodn\u00e1 pro dodate\u010dnou mont\u00e1\u017e na r\u00e1m okna nebo na&hellip;<\/p>\n","protected":false},"author":1,"featured_media":0,"parent":0,"menu_order":0,"comment_status":"closed","ping_status":"closed","template":"template_parts\/page-fullwidth_template.php","meta":[],"yoast_head":"<!-- This site is optimized with the Yoast SEO plugin v19.12 - https:\/\/yoast.com\/wordpress\/plugins\/seo\/ -->\n<title>P\u0159edokenn\u00ed rolety P\u0159erov | GARTER<\/title>\n<meta name=\"robots\" content=\"index, follow, max-snippet:-1, max-image-preview:large, max-video-preview:-1\" \/>\n<link rel=\"canonical\" href=\"https:\/\/www.garter.cz\/index.php\/predokenni-rolety-prerov\/\" \/>\n<meta property=\"og:locale\" content=\"cs_CZ\" \/>\n<meta property=\"og:type\" content=\"article\" \/>\n<meta property=\"og:title\" content=\"P\u0159edokenn\u00ed rolety P\u0159erov | GARTER\" \/>\n<meta property=\"og:description\" content=\"P\u0159edokenn\u00ed rolety P\u0159erov Zab\u00fdv\u00e1me se v\u00fdrobou a mont\u00e1\u017e\u00ed p\u0159edokenn\u00edch rolet v lokalit\u011b P\u0159erov a okol\u00ed P\u0159erova, nab\u00edz\u00edme tak\u00e9 jejich opravu a servis. Nab\u00edz\u00edme zdarma nam\u011b\u0159en\u00ed a cenovou nab\u00eddku. P\u0159ednosti a v\u00fdhody vysok\u00fd stupe\u0148 zast\u00edn\u011bn\u00ed a sni\u017eov\u00e1n\u00ed hladiny venkovn\u00edho hluku termoregula\u010dn\u00ed i ochrann\u00fd efekt mo\u017enost elektrick\u00e9ho ovl\u00e1d\u00e1n\u00ed vhodn\u00e1 pro dodate\u010dnou mont\u00e1\u017e na r\u00e1m okna nebo na&hellip;\" \/>\n<meta property=\"og:url\" content=\"https:\/\/www.garter.cz\/index.php\/predokenni-rolety-prerov\/\" \/>\n<meta property=\"og:site_name\" content=\"GARTER\" \/>\n<meta property=\"article:publisher\" content=\"https:\/\/www.facebook.com\/Garter-180263639189596\/\" \/>\n<meta property=\"article:modified_time\" content=\"2019-05-06T15:56:20+00:00\" \/>\n<meta name=\"twitter:card\" content=\"summary_large_image\" \/>\n<meta name=\"twitter:label1\" content=\"Odhadovan\u00e1 doba \u010dten\u00ed\" \/>\n\t<meta name=\"twitter:data1\" content=\"1 minuta\" \/>\n<script type=\"application\/ld+json\" class=\"yoast-schema-graph\">{\"@context\":\"https:\/\/schema.org\",\"@graph\":[{\"@type\":\"WebPage\",\"@id\":\"https:\/\/www.garter.cz\/index.php\/predokenni-rolety-prerov\/\",\"url\":\"https:\/\/www.garter.cz\/index.php\/predokenni-rolety-prerov\/\",\"name\":\"P\u0159edokenn\u00ed rolety P\u0159erov | GARTER\",\"isPartOf\":{\"@id\":\"https:\/\/www.garter.cz\/#website\"},\"datePublished\":\"2019-05-06T15:56:13+00:00\",\"dateModified\":\"2019-05-06T15:56:20+00:00\",\"breadcrumb\":{\"@id\":\"https:\/\/www.garter.cz\/index.php\/predokenni-rolety-prerov\/#breadcrumb\"},\"inLanguage\":\"cs\",\"potentialAction\":[{\"@type\":\"ReadAction\",\"target\":[\"https:\/\/www.garter.cz\/index.php\/predokenni-rolety-prerov\/\"]}]},{\"@type\":\"BreadcrumbList\",\"@id\":\"https:\/\/www.garter.cz\/index.php\/predokenni-rolety-prerov\/#breadcrumb\",\"itemListElement\":[{\"@type\":\"ListItem\",\"position\":1,\"name\":\"Dom\u016f\",\"item\":\"https:\/\/www.garter.cz\/\"},{\"@type\":\"ListItem\",\"position\":2,\"name\":\"P\u0159edokenn\u00ed rolety P\u0159erov\"}]},{\"@type\":\"WebSite\",\"@id\":\"https:\/\/www.garter.cz\/#website\",\"url\":\"https:\/\/www.garter.cz\/\",\"name\":\"GARTER\",\"description\":\"Profesion\u00e1ln\u00ed st\u00edn\u00edc\u00ed technika\",\"publisher\":{\"@id\":\"https:\/\/www.garter.cz\/#organization\"},\"potentialAction\":[{\"@type\":\"SearchAction\",\"target\":{\"@type\":\"EntryPoint\",\"urlTemplate\":\"https:\/\/www.garter.cz\/?s={search_term_string}\"},\"query-input\":\"required name=search_term_string\"}],\"inLanguage\":\"cs\"},{\"@type\":\"Organization\",\"@id\":\"https:\/\/www.garter.cz\/#organization\",\"name\":\"GARTER\",\"url\":\"https:\/\/www.garter.cz\/\",\"logo\":{\"@type\":\"ImageObject\",\"inLanguage\":\"cs\",\"@id\":\"https:\/\/www.garter.cz\/#\/schema\/logo\/image\/\",\"url\":\"https:\/\/www.garter.cz\/wp-content\/uploads\/2017\/10\/logo-pr\u016fhledn\u00e9-e1508868751734.png\",\"contentUrl\":\"https:\/\/www.garter.cz\/wp-content\/uploads\/2017\/10\/logo-pr\u016fhledn\u00e9-e1508868751734.png\",\"width\":50,\"height\":50,\"caption\":\"GARTER\"},\"image\":{\"@id\":\"https:\/\/www.garter.cz\/#\/schema\/logo\/image\/\"},\"sameAs\":[\"https:\/\/www.facebook.com\/Garter-180263639189596\/\"]}]}<\/script>\n<!-- \/ Yoast SEO plugin. -->","yoast_head_json":{"title":"P\u0159edokenn\u00ed rolety P\u0159erov | GARTER","robots":{"index":"index","follow":"follow","max-snippet":"max-snippet:-1","max-image-preview":"max-image-preview:large","max-video-preview":"max-video-preview:-1"},"canonical":"https:\/\/www.garter.cz\/index.php\/predokenni-rolety-prerov\/","og_locale":"cs_CZ","og_type":"article","og_title":"P\u0159edokenn\u00ed rolety P\u0159erov | GARTER","og_description":"P\u0159edokenn\u00ed rolety P\u0159erov Zab\u00fdv\u00e1me se v\u00fdrobou a mont\u00e1\u017e\u00ed p\u0159edokenn\u00edch rolet v lokalit\u011b P\u0159erov a okol\u00ed P\u0159erova, nab\u00edz\u00edme tak\u00e9 jejich opravu a servis. Nab\u00edz\u00edme zdarma nam\u011b\u0159en\u00ed a cenovou nab\u00eddku. P\u0159ednosti a v\u00fdhody vysok\u00fd stupe\u0148 zast\u00edn\u011bn\u00ed a sni\u017eov\u00e1n\u00ed hladiny venkovn\u00edho hluku termoregula\u010dn\u00ed i ochrann\u00fd efekt mo\u017enost elektrick\u00e9ho ovl\u00e1d\u00e1n\u00ed vhodn\u00e1 pro dodate\u010dnou mont\u00e1\u017e na r\u00e1m okna nebo na&hellip;","og_url":"https:\/\/www.garter.cz\/index.php\/predokenni-rolety-prerov\/","og_site_name":"GARTER","article_publisher":"https:\/\/www.facebook.com\/Garter-180263639189596\/","article_modified_time":"2019-05-06T15:56:20+00:00","twitter_card":"summary_large_image","twitter_misc":{"Odhadovan\u00e1 doba \u010dten\u00ed":"1 minuta"},"schema":{"@context":"https:\/\/schema.org","@graph":[{"@type":"WebPage","@id":"https:\/\/www.garter.cz\/index.php\/predokenni-rolety-prerov\/","url":"https:\/\/www.garter.cz\/index.php\/predokenni-rolety-prerov\/","name":"P\u0159edokenn\u00ed rolety P\u0159erov | GARTER","isPartOf":{"@id":"https:\/\/www.garter.cz\/#website"},"datePublished":"2019-05-06T15:56:13+00:00","dateModified":"2019-05-06T15:56:20+00:00","breadcrumb":{"@id":"https:\/\/www.garter.cz\/index.php\/predokenni-rolety-prerov\/#breadcrumb"},"inLanguage":"cs","potentialAction":[{"@type":"ReadAction","target":["https:\/\/www.garter.cz\/index.php\/predokenni-rolety-prerov\/"]}]},{"@type":"BreadcrumbList","@id":"https:\/\/www.garter.cz\/index.php\/predokenni-rolety-prerov\/#breadcrumb","itemListElement":[{"@type":"ListItem","position":1,"name":"Dom\u016f","item":"https:\/\/www.garter.cz\/"},{"@type":"ListItem","position":2,"name":"P\u0159edokenn\u00ed rolety P\u0159erov"}]},{"@type":"WebSite","@id":"https:\/\/www.garter.cz\/#website","url":"https:\/\/www.garter.cz\/","name":"GARTER","description":"Profesion\u00e1ln\u00ed st\u00edn\u00edc\u00ed technika","publisher":{"@id":"https:\/\/www.garter.cz\/#organization"},"potentialAction":[{"@type":"SearchAction","target":{"@type":"EntryPoint","urlTemplate":"https:\/\/www.garter.cz\/?s={search_term_string}"},"query-input":"required name=search_term_string"}],"inLanguage":"cs"},{"@type":"Organization","@id":"https:\/\/www.garter.cz\/#organization","name":"GARTER","url":"https:\/\/www.garter.cz\/","logo":{"@type":"ImageObject","inLanguage":"cs","@id":"https:\/\/www.garter.cz\/#\/schema\/logo\/image\/","url":"https:\/\/www.garter.cz\/wp-content\/uploads\/2017\/10\/logo-pr\u016fhledn\u00e9-e1508868751734.png","contentUrl":"https:\/\/www.garter.cz\/wp-content\/uploads\/2017\/10\/logo-pr\u016fhledn\u00e9-e1508868751734.png","width":50,"height":50,"caption":"GARTER"},"image":{"@id":"https:\/\/www.garter.cz\/#\/schema\/logo\/image\/"},"sameAs":["https:\/\/www.facebook.com\/Garter-180263639189596\/"]}]}},"_links":{"self":[{"href":"https:\/\/www.garter.cz\/index.php\/wp-json\/wp\/v2\/pages\/494"}],"collection":[{"href":"https:\/\/www.garter.cz\/index.php\/wp-json\/wp\/v2\/pages"}],"about":[{"href":"https:\/\/www.garter.cz\/index.php\/wp-json\/wp\/v2\/types\/page"}],"author":[{"embeddable":true,"href":"https:\/\/www.garter.cz\/index.php\/wp-json\/wp\/v2\/users\/1"}],"replies":[{"embeddable":true,"href":"https:\/\/www.garter.cz\/index.php\/wp-json\/wp\/v2\/comments?post=494"}],"version-history":[{"count":1,"href":"https:\/\/www.garter.cz\/index.php\/wp-json\/wp\/v2\/pages\/494\/revisions"}],"predecessor-version":[{"id":496,"href":"https:\/\/www.garter.cz\/index.php\/wp-json\/wp\/v2\/pages\/494\/revisions\/496"}],"wp:attachment":[{"href":"https:\/\/www.garter.cz\/index.php\/wp-json\/wp\/v2\/media?parent=494"}],"curies":[{"name":"wp","href":"https:\/\/api.w.org\/{rel}","templated":true}]}}

Předokenní rolety Přerov

<h2>Předokenní rolety Přerov</h2>
<p>Zabýváme se výrobou a montáží předokenních rolet v lokalitě Přerov a okolí Přerova, nabízíme také jejich opravu a servis. Nabízíme zdarma naměření a cenovou nabídku.</p>
<h2 class="plus">Přednosti a výhody</h2>
<ul>
<li><em>vysoký stupeň zastínění a snižování hladiny venkovního hluku</em></li>
<li><em>termoregulační i ochranný efekt</em></li>
<li><em>možnost elektrického ovládání</em></li>
<li><em>vhodná pro dodatečnou montáž na rám okna nebo na fasádu</em></li>
<li><em>zaomítací provedení vhodné pod fasádu nebo zateplovací systém</em></li>
<li><em>hliníkové lamely plněné PUR pěnou nebo plastové lamely</em></li>
<li><em>možnost provedení s integrovanou sítí proti hmyzu Vivera-Sectra</em></li>
<li><em>maximální garantovaná plocha 8,5 m<sup>2</sup></em></li>
</ul>
<p style="text-align: center;"><strong>Více informací v horním menu nebo na tel: +420 774 007 022</strong></p>

<p>Předokenní rolety Přerov Zabýváme se výrobou a montáží předokenních rolet v lokalitě Přerov a okolí Přerova, nabízíme také jejich opravu a servis. Nabízíme zdarma naměření a cenovou nabídku. Přednosti a výhody vysoký stupeň zastínění a snižování hladiny venkovního hluku termoregulační i ochranný efekt možnost elektrického ovládání vhodná pro dodatečnou montáž na rám okna nebo na&hellip;</p>

<!-- This site is optimized with the Yoast SEO plugin v19.12 - https://yoast.com/wordpress/plugins/seo/ -->
<title>Předokenní rolety Přerov | GARTER</title>
<meta name="robots" content="index, follow, max-snippet:-1, max-image-preview:large, max-video-preview:-1" />
<link rel="canonical" href="https://www.garter.cz/index.php/predokenni-rolety-prerov/" />
<meta property="og:locale" content="cs_CZ" />
<meta property="og:type" content="article" />
<meta property="og:title" content="Předokenní rolety Přerov | GARTER" />
<meta property="og:description" content="Předokenní rolety Přerov Zabýváme se výrobou a montáží předokenních rolet v lokalitě Přerov a okolí Přerova, nabízíme také jejich opravu a servis. Nabízíme zdarma naměření a cenovou nabídku. Přednosti a výhody vysoký stupeň zastínění a snižování hladiny venkovního hluku termoregulační i ochranný efekt možnost elektrického ovládání vhodná pro dodatečnou montáž na rám okna nebo na&hellip;" />
<meta property="og:url" content="https://www.garter.cz/index.php/predokenni-rolety-prerov/" />
<meta property="og:site_name" content="GARTER" />
<meta property="article:publisher" content="https://www.facebook.com/Garter-180263639189596/" />
<meta property="article:modified_time" content="2019-05-06T15:56:20+00:00" />
<meta name="twitter:card" content="summary_large_image" />
<meta name="twitter:label1" content="Odhadovaná doba čtení" />
	<meta name="twitter:data1" content="1 minuta" />
<script type="application/ld+json" class="yoast-schema-graph">{"@context":"https://schema.org","@graph":[{"@type":"WebPage","@id":"https://www.garter.cz/index.php/predokenni-rolety-prerov/","url":"https://www.garter.cz/index.php/predokenni-rolety-prerov/","name":"Předokenní rolety Přerov | GARTER","isPartOf":{"@id":"https://www.garter.cz/#website"},"datePublished":"2019-05-06T15:56:13+00:00","dateModified":"2019-05-06T15:56:20+00:00","breadcrumb":{"@id":"https://www.garter.cz/index.php/predokenni-rolety-prerov/#breadcrumb"},"inLanguage":"cs","potentialAction":[{"@type":"ReadAction","target":["https://www.garter.cz/index.php/predokenni-rolety-prerov/"]}]},{"@type":"BreadcrumbList","@id":"https://www.garter.cz/index.php/predokenni-rolety-prerov/#breadcrumb","itemListElement":[{"@type":"ListItem","position":1,"name":"Domů","item":"https://www.garter.cz/"},{"@type":"ListItem","position":2,"name":"Předokenní rolety Přerov"}]},{"@type":"WebSite","@id":"https://www.garter.cz/#website","url":"https://www.garter.cz/","name":"GARTER","description":"Profesionální stínící technika","publisher":{"@id":"https://www.garter.cz/#organization"},"potentialAction":[{"@type":"SearchAction","target":{"@type":"EntryPoint","urlTemplate":"https://www.garter.cz/?s={search_term_string}"},"query-input":"required name=search_term_string"}],"inLanguage":"cs"},{"@type":"Organization","@id":"https://www.garter.cz/#organization","name":"GARTER","url":"https://www.garter.cz/","logo":{"@type":"ImageObject","inLanguage":"cs","@id":"https://www.garter.cz/#/schema/logo/image/","url":"https://www.garter.cz/wp-content/uploads/2017/10/logo-průhledné-e1508868751734.png","contentUrl":"https://www.garter.cz/wp-content/uploads/2017/10/logo-průhledné-e1508868751734.png","width":50,"height":50,"caption":"GARTER"},"image":{"@id":"https://www.garter.cz/#/schema/logo/image/"},"sameAs":["https://www.facebook.com/Garter-180263639189596/"]}]}</script>
<!-- / Yoast SEO plugin. -->

Předokenní rolety Přerov | GARTER

Předokenní rolety Přerov Zabýváme se výrobou a montáží předokenních rolet v lokalitě Přerov a okolí Přerova, nabízíme také jejich opravu a servis. Nabízíme zdarma naměření a cenovou nabídku. Přednosti a výhody vysoký stupeň zastínění a snižování hladiny venkovního hluku termoregulační i ochranný efekt možnost elektrického ovládání vhodná pro dodatečnou montáž na rám okna nebo na&hellip;

Domů

Profesionální stínící technika

https://www.garter.cz/wp-content/uploads/2017/10/logo-průhledné-e1508868751734.png
